{"id":906,"date":"2018-05-21T20:33:30","date_gmt":"2018-05-21T20:33:30","guid":{"rendered":"http:\/\/igualdad.us.es\/wpblog\/?page_id=906"},"modified":"2018-07-10T10:14:32","modified_gmt":"2018-07-10T10:14:32","slug":"valentina-tereshkova-cosmonauta","status":"publish","type":"page","link":"https:\/\/igualdad.us.es\/wpblog\/mujeres-destacadas\/valentina-tereshkova-cosmonauta\/","title":{"rendered":"Valentina Tereshkova"},"content":{"rendered":"<p><span id=\"U1502510409301qME\" class=\"span\" style=\"font-weight: bold; font-style: normal; color: #993366;\">Valentina Tereshkova (1937)<\/span><\/p>\n<p style=\"text-align: justify;\">Cosmonauta, pol\u00edtica rusa ya retirada e ingeniera. Es la primera mujer <span id=\"U1502510409301duD\" class=\"span\">en viajar al espacio exterior<\/span>.<span id=\"U1502510409301duD\" class=\"span\"> Lo hizo a bordo Vostok 6, <\/span>el 16 de junio de 1963. Complet\u00f3 48 \u00f3rbitas alrededor de la Tierra en sus tres d\u00edas en el espacio. Para unirse al Cuerpo de Cosmonautas, Tereshkova fue incorporada de manera honoraria a la Fuerza \u00c1rea Sovi\u00e9tica, siendo as\u00ed la primera civil en volar al espacio.<\/p>\n<p><span id=\"U1502510409301duD\" class=\"span\">El viaje espacial de Tereskova dur\u00f3 apenas tres d\u00edas, los suficientes para demostrar al mundo que tampoco en la inmensidad sideral hab\u00eda motivo alguno para vetar a las mujeres. <\/span><br \/>\n<a href=\"https:\/\/igualdad.us.es\/wpblog\/?page_id=910\"><span style=\"color: #993366;\">\u21b5 Volver<\/span><\/a><\/p>\n","protected":false},"excerpt":{"rendered":"<p>Ingeniera y cosmonauta. Fue la primera mujer en viajar al espacio exterior<\/p>\n","protected":false},"author":1,"featured_media":907,"parent":910,"menu_order":0,"comment_status":"closed","ping_status":"closed","template":"","meta":{"footnotes":""},"class_list":["post-906","page","type-page","status-publish","has-post-thumbnail","hentry"],"_links":{"self":[{"href":"https:\/\/igualdad.us.es\/wpblog\/wp-json\/wp\/v2\/pages\/906","targetHints":{"allow":["GET"]}}],"collection":[{"href":"https:\/\/igualdad.us.es\/wpblog\/wp-json\/wp\/v2\/pages"}],"about":[{"href":"https:\/\/igualdad.us.es\/wpblog\/wp-json\/wp\/v2\/types\/page"}],"author":[{"embeddable":true,"href":"https:\/\/igualdad.us.es\/wpblog\/wp-json\/wp\/v2\/users\/1"}],"replies":[{"embeddable":true,"href":"https:\/\/igualdad.us.es\/wpblog\/wp-json\/wp\/v2\/comments?post=906"}],"version-history":[{"count":6,"href":"https:\/\/igualdad.us.es\/wpblog\/wp-json\/wp\/v2\/pages\/906\/revisions"}],"predecessor-version":[{"id":1288,"href":"https:\/\/igualdad.us.es\/wpblog\/wp-json\/wp\/v2\/pages\/906\/revisions\/1288"}],"up":[{"embeddable":true,"href":"https:\/\/igualdad.us.es\/wpblog\/wp-json\/wp\/v2\/pages\/910"}],"wp:featuredmedia":[{"embeddable":true,"href":"https:\/\/igualdad.us.es\/wpblog\/wp-json\/wp\/v2\/media\/907"}],"wp:attachment":[{"href":"https:\/\/igualdad.us.es\/wpblog\/wp-json\/wp\/v2\/media?parent=906"}],"curies":[{"name":"wp","href":"https:\/\/api.w.org\/{rel}","templated":true}]}}

<p><span id="U1502510409301qME" class="span" style="font-weight: bold; font-style: normal; color: #993366;">Valentina Tereshkova (1937)</span></p>
<p style="text-align: justify;">Cosmonauta, política rusa ya retirada e ingeniera. Es la primera mujer <span id="U1502510409301duD" class="span">en viajar al espacio exterior</span>.<span id="U1502510409301duD" class="span"> Lo hizo a bordo Vostok 6, </span>el 16 de junio de 1963. Completó 48 órbitas alrededor de la Tierra en sus tres días en el espacio. Para unirse al Cuerpo de Cosmonautas, Tereshkova fue incorporada de manera honoraria a la Fuerza Área Soviética, siendo así la primera civil en volar al espacio.</p>
<p><span id="U1502510409301duD" class="span">El viaje espacial de Tereskova duró apenas tres días, los suficientes para demostrar al mundo que tampoco en la inmensidad sideral había motivo alguno para vetar a las mujeres. </span><br />
<a href="https://igualdad.us.es/wpblog/?page_id=910"><span style="color: #993366;">↵ Volver</span></a></p>
