{"id":844,"date":"2018-05-20T20:44:10","date_gmt":"2018-05-20T20:44:10","guid":{"rendered":"http:\/\/igualdad.us.es\/wpblog\/?page_id=844"},"modified":"2026-03-03T12:39:01","modified_gmt":"2026-03-03T11:39:01","slug":"normativa-acoso","status":"publish","type":"page","link":"https:\/\/igualdad.us.es\/wpblog\/debes-conocer\/normativa-acoso\/","title":{"rendered":"Normativa de acoso"},"content":{"rendered":"<p style=\"text-align: justify;\">Con el fin de procurar un entorno saludable y seguro, en el que la dignidad de la persona sea respetada y sus derechos fundamentales sean protegidos y defendidos, la Universidad de Sevilla aprueba la <a href=\"https:\/\/www.us.es\/bous-numeros\/numero-2-12-de-febrero-de-2025\/acuerdo-91cg-18-12-24-por-el-que-se-aprueba-la\" target=\"_blank\" rel=\"noopener\"><span style=\"color: #993366;\"><strong><span style=\"color: #993366;\">Normativa para la prevenci\u00f3n, evaluaci\u00f3n e intervenci\u00f3n en situaciones de violencia, discriminaci\u00f3n y acoso en la Universidad de Sevilla<\/span><\/strong><\/span><\/a> (en adelante Normativa).<br \/>\n(BOUS n\u00ba 2, Acuerdo 9.1 de Consejo de Gobierno de la US, de 18 de diciembre de 2024) <a href=\"https:\/\/www.us.es\/bous-numeros\/numero-2-12-de-febrero-de-2025\/acuerdo-91cg-18-12-24-por-el-que-se-aprueba-la\" target=\"_blank\" rel=\"noopener noreferrer\"><span style=\"color: #993366;\">aqu\u00ed<\/span><\/a><\/p>\n<p style=\"text-align: justify;\">Su <span style=\"color: #993366;\">objeto<\/span> es el de <strong>establecer las acciones<\/strong> y <strong>procedimientos<\/strong> a seguir para<strong> prevenir, evitar y erradicar<\/strong> las conductas de<strong> violencia, discriminaci\u00f3n y acoso<\/strong> en la Universidad de Sevilla. Adem\u00e1s, se regula el procedimiento espec\u00edfico para intervenir ante aquellas situaciones de violencia, discriminaci\u00f3n y acoso que puedan presentarse, garantizando durante todo el proceso la confidencialidad, seguridad e integridad de las personas afectadas.<\/p>\n<div class=\"field field-name-body field-type-text-with-summary field-label-hidden\">\n<div class=\"field-items\">\n<div class=\"field-item even\">\n<p style=\"text-align: justify;\"><span style=\"color: #993366;\">Declaraci\u00f3n de principios<\/span> La Universidad de Sevilla, con todos los medios a su alcance, desarrollar\u00e1 actuaciones para prevenir, detectar y erradicar las situaciones de violencia, discriminaci\u00f3n o acoso que se produzcan en el \u00e1mbito de la comunidad universitaria, cualquiera que sea su naturaleza.<\/p>\n<p style=\"text-align: justify;\"><span style=\"color: #993366;\">Aspectos fundamentales<\/span>: est\u00e1 dirigido a toda la comunidad universitaria; se centra en medidas de prevenci\u00f3n, reparaci\u00f3n y recuperaci\u00f3n de las v\u00edctimas; y se establece procedimiento de evaluaci\u00f3n e intervenci\u00f3n ante situaciones de violencia, discriminaci\u00f3n y acoso.<\/p>\n<p>NOTA: Esta normativa sustituye a los protocolos anteriores de 2013 y 2018.<br \/>\n<!-- ****\n<strong><span style=\"color: #993366;\">\u2234<\/span> <span style=\"color: #993366;\">Formulario de solicitud de intervenci\u00f3n por acoso<\/span><\/strong> <span style=\"color: #993366;\"><a style=\"color: #993366;\" href=\"https:\/\/igualdad.us.es\/wpblog\/wp-content\/uploads\/2025\/03\/US-Normativa-Acoso_solicitud.docx\" target=\"_blank\" rel=\"noopener\">aqu\u00ed<\/a><\/span>\n\n<span style=\"display: inline-block; width: 0px; overflow: hidden; line-height: 0;\" data-mce-type=\"bookmark\" class=\"mce_SELRES_start\"><\/span>\n\n\n<h5><span style=\"display: inline-block; width: 0px; overflow: hidden; line-height: 0;\" data-mce-type=\"bookmark\" class=\"mce_SELRES_start\"><\/span><span style=\"color: #002858;\">Informaci\u00f3n<\/span><\/h5>\n\n\n<strong><span style=\"color: #993366;\">\u2234<\/span> <\/strong>D\u00edptico divulgativo para facilitar la difusi\u00f3n y el conocimiento del Protocolo <a href=\"https:\/\/igualdad.us.es\/wpblog\/wp-content\/uploads\/2019\/09\/US-Protocolo-Acoso_Diptico-digital_2018.pdf\" target=\"_blank\" rel=\"noopener noreferrer\"><span style=\"color: #993366;\">aqu\u00ed<\/span><\/a>\n<strong><span style=\"color: #993366;\">\u2234<\/span><\/strong> Poster Prevenci\u00f3n acoso en la US\u00a0 <span style=\"color: #993366;\"><a style=\"color: #993366;\" href=\"https:\/\/igualdad.us.es\/wpblog\/wp-content\/uploads\/2018\/05\/US-jornada-actuaciones-ante-acoso-2017_poster-US_SEPRUS.pdf\" target=\"_blank\" rel=\"noopener noreferrer\">aqu\u00ed<\/a><\/span> ACTUALIZAR\n**** --><\/p>\n<\/div>\n<\/div>\n<\/div>\n<h6><a href=\"https:\/\/igualdad.us.es\/wpblog\/wp-content\/uploads\/2025\/11\/US-Normativa-Acoso_Diptico-digital_2025.pdf\" target=\"_blank\" rel=\"noopener\">Descarga el d\u00edptico informativo aqu\u00ed<\/a><\/h6>\n<hr \/>\n<h4><span style=\"color: #002858;\">Comit\u00e9 T\u00e9cnico para la Prevenci\u00f3n, Evaluaci\u00f3n e Intervenci\u00f3n en situaciones de Acoso (CPEIA) <\/span><\/h4>\n<p>Es un \u00f3rgano colegiado de car\u00e1cter t\u00e9cnico y especializado en prevenci\u00f3n, investigaci\u00f3n, arbitraje, propuesta de soluciones de las solicitudes de intervenci\u00f3n por acoso que se produzcan en el \u00e1mbito de la US.<\/p>\n<h5><span style=\"color: #002858;\">Composici\u00f3n del CPEIA<br \/>\n<\/span><\/h5>\n<table style=\"height: 168px; width: 100%; border-collapse: collapse;\" border=\"1\" cellspacing=\"1\">\n<tbody>\n<tr style=\"height: 24px;\">\n<td style=\"width: 100%; height: 24px; text-align: center;\"><strong>Miembros CPEIA (Art\u00edculo 10 de la Normativa)<\/strong><\/td>\n<\/tr>\n<tr style=\"height: 24px;\">\n<td style=\"width: 100%; height: 24px;\">\u00a0Vicerrectora o Vicerrector que asuma las competencias en materia de igualdad o persona en quien delegue, que lo presidir\u00e1.<\/td>\n<\/tr>\n<tr style=\"height: 24px;\">\n<td style=\"width: 100%; height: 24px;\">\u00a0Directora o Director de la Unidad para la Igualdad u \u00f3rgano equivalente en la estructura organizativa de la Universidad.<\/td>\n<\/tr>\n<tr style=\"height: 24px;\">\n<td style=\"width: 100%; height: 24px;\">\u00a0Directora o Director del Servicio de Prevenci\u00f3n de Riesgos Laborales.<\/td>\n<\/tr>\n<tr style=\"height: 24px;\">\n<td style=\"width: 100%; height: 24px;\">\u00a0Una persona experta en factores de riesgo psicosocial<\/td>\n<\/tr>\n<tr style=\"height: 24px;\">\n<td style=\"width: 100%; height: 24px;\">\u00a0Una persona experta en materia jur\u00eddica.<\/td>\n<\/tr>\n<tr style=\"height: 24px;\">\n<td style=\"width: 100%; height: 24px;\">\u00a0Una o un representante del colectivo al que pertenezca la persona que solicita la intervenci\u00f3n y otra persona del colectivo al que pertenezca la persona responsable de la actuaci\u00f3n investigada, en caso de que ambas personas pertenezcan a colectivos diferentes.<\/td>\n<\/tr>\n<\/tbody>\n<\/table>\n<p><strong>NOTA:<\/strong> Art\u00edculo 6 de la Normativa \u00abNo podr\u00e1n formar parte del Comit\u00e9 los miembros de la Comisi\u00f3n de Convivencia.\u00bb<\/p>\n<p><strong>\u00daltimas acta del sorteo representantes CPEIA<\/strong>.<\/p>\n<ul style=\"list-style-type: circle;\">\n<li><span style=\"color: #993366;\"><a style=\"color: #993366;\" href=\"https:\/\/igualdad.us.es\/wpblog\/wp-content\/uploads\/2026\/03\/CPEIA_Sorteo-representantes_2025-26_Acta-2026.02.20_signed.pdf\" target=\"_blank\" rel=\"noopener\">20 de febrero de 2026<\/a><\/span><\/li>\n<li><span style=\"color: #993366;\"><a style=\"color: #993366;\" href=\"https:\/\/igualdad.us.es\/wpblog\/wp-content\/uploads\/2025\/02\/CPEIA_Sorteo-representantes_2024-25_Acta_2024.01.14.pdf\" target=\"_blank\" rel=\"noopener\">14 de enero de 2025<\/a><\/span><\/li>\n<li><span style=\"color: #993366;\"><a style=\"color: #993366;\" href=\"https:\/\/igualdad.us.es\/wpblog\/wp-content\/uploads\/2023\/02\/CPEIA_Sorteo-representantes_Acta-2023.02.02.pdf\" target=\"_blank\" rel=\"noopener\">2 de febrero de 2023<\/a><\/span><\/li>\n<li><a href=\"https:\/\/igualdad.us.es\/wpblog\/wp-content\/uploads\/2023\/02\/CPEIA_Sorteo-representantes_Acta_2022.04.11.pdf\" target=\"_blank\" rel=\"noopener\"><span style=\"color: #993366;\">11 de abril de 2022<\/span><\/a><\/li>\n<li><span style=\"color: #993366;\"><a style=\"color: #993366;\" href=\"https:\/\/igualdad.us.es\/wpblog\/wp-content\/uploads\/2023\/02\/CPEIA_Sorteo-representantes-Acta_2020.10.15.pdf\" target=\"_blank\" rel=\"noopener\">15 de octubre de 2020<\/a><\/span><\/li>\n<li><span style=\"color: #993366;\"><a style=\"color: #993366;\" href=\"https:\/\/igualdad.us.es\/wpblog\/wp-content\/uploads\/2023\/02\/CPEIA_Sorteo-representantes_Acta_2020.05.28.pdf\" target=\"_blank\" rel=\"noopener\">28 de mayo de 2020<\/a><\/span><\/li>\n<li><span style=\"color: #993366;\"><a style=\"color: #993366;\" href=\"https:\/\/igualdad.us.es\/wpblog\/wp-content\/uploads\/2023\/02\/CPEIA_Sorteo-representantes_Acta_2018.10.01.pdf\" target=\"_blank\" rel=\"noopener\">1 de octubre de 2018<\/a><\/span><\/li>\n<\/ul>\n","protected":false},"excerpt":{"rendered":"<p>Su objeto es el establecimiento de compromisos en orden a la informaci\u00f3n, sensibilizaci\u00f3n, prevenci\u00f3n, detecci\u00f3n, mediaci\u00f3n, en su caso, y eliminaci\u00f3n de conductas en materia de acoso.<\/p>\n","protected":false},"author":1,"featured_media":2011,"parent":1062,"menu_order":1,"comment_status":"closed","ping_status":"closed","template":"","meta":{"footnotes":""},"class_list":["post-844","page","type-page","status-publish","has-post-thumbnail","hentry"],"_links":{"self":[{"href":"https:\/\/igualdad.us.es\/wpblog\/wp-json\/wp\/v2\/pages\/844","targetHints":{"allow":["GET"]}}],"collection":[{"href":"https:\/\/igualdad.us.es\/wpblog\/wp-json\/wp\/v2\/pages"}],"about":[{"href":"https:\/\/igualdad.us.es\/wpblog\/wp-json\/wp\/v2\/types\/page"}],"author":[{"embeddable":true,"href":"https:\/\/igualdad.us.es\/wpblog\/wp-json\/wp\/v2\/users\/1"}],"replies":[{"embeddable":true,"href":"https:\/\/igualdad.us.es\/wpblog\/wp-json\/wp\/v2\/comments?post=844"}],"version-history":[{"count":51,"href":"https:\/\/igualdad.us.es\/wpblog\/wp-json\/wp\/v2\/pages\/844\/revisions"}],"predecessor-version":[{"id":9295,"href":"https:\/\/igualdad.us.es\/wpblog\/wp-json\/wp\/v2\/pages\/844\/revisions\/9295"}],"up":[{"embeddable":true,"href":"https:\/\/igualdad.us.es\/wpblog\/wp-json\/wp\/v2\/pages\/1062"}],"wp:featuredmedia":[{"embeddable":true,"href":"https:\/\/igualdad.us.es\/wpblog\/wp-json\/wp\/v2\/media\/2011"}],"wp:attachment":[{"href":"https:\/\/igualdad.us.es\/wpblog\/wp-json\/wp\/v2\/media?parent=844"}],"curies":[{"name":"wp","href":"https:\/\/api.w.org\/{rel}","templated":true}]}}