{"id":8437,"date":"2025-03-26T08:47:58","date_gmt":"2025-03-26T07:47:58","guid":{"rendered":"https:\/\/igualdad.us.es\/wpblog\/?page_id=8437"},"modified":"2025-03-26T08:47:58","modified_gmt":"2025-03-26T07:47:58","slug":"esther-barbera-heredia","status":"publish","type":"page","link":"https:\/\/igualdad.us.es\/wpblog\/mujeres-destacadas\/esther-barbera-heredia\/","title":{"rendered":"Esther Barber\u00e1 Heredia"},"content":{"rendered":"<p class=\"selectionShareable\"><span style=\"color: #993366;\"><b>Esther Barber\u00e1 Heredia (1951)<\/b><\/span><\/p>\n<p style=\"text-align: justify;\">Doctora en Pedagog\u00eda desde 1978 y profesora visitante de la Universidad de Keele (Reino Unido) durante 1989. Catedr\u00e1tica de Psicolog\u00eda, dentro del departamento de Psicolog\u00eda B\u00e1sica de la Universitat de V\u00e0lencia desde 1996 hasta su jubilaci\u00f3n hace unos a\u00f1os. Dentro de este periodo imparti\u00f3 <em>G\u00e9nero y Psicolog\u00eda<\/em>, la primera c\u00e1tedra en Espa\u00f1a con perfil de G\u00e9nero. Fue miembro fundadora en 1986 del Instituto Universitario de Estudios de la Mujer (Institut Universitari d\u2019Estudis de la Dona), originalmente llamado Seminari Interdisciplinar d\u2019Investigaci\u00f3 Feminista, de la Universitat de Val\u00e8ncia (Espa\u00f1a), del que fue directora desde septiembre de 2010. Fue invitada por el Center of Gender Research and Women Studies de la University of British Columbia (UBC) de Vancouver (Canad\u00e1), durante la primavera del 2001, para participar en actividades investigadoras e institucionales.<\/p>\n<p style=\"text-align: justify;\">Ha coordinado diversos proyectos de investigaci\u00f3n sobre psicolog\u00eda del g\u00e9nero, coeducaci\u00f3n y desarrollo psico-profesional de las mujeres. Fue directora de dos grandes proyectos de investigaci\u00f3n en esta \u00e1rea en la UV: uno de ellos se llama <em>Divers@: G\u00e9nero y Diversidad<\/em> de la Iniciativa Comunitaria europea EQUAL, el otro es <em>Rompiendo el Techo de Cristal: los beneficios de la diversidad de g\u00e9nero en los equipos directivos<\/em> pertenenciente al Programa Sectorial de Estudios de las Mujeres y del G\u00e9nero. Tiene 74 publicaciones aproximadamente, de las cuales destacan los libros <em>Psicolog\u00eda de g\u00e9nero <\/em>y <em>Mujeres Directivas: Promoci\u00f3n profesional en Espa\u00f1a y el Reino Unido,<\/em> as\u00ed como m\u00faltiples cap\u00edtulos y art\u00edculos sobre estereotipos de g\u00e9nero y organizaci\u00f3n laboral.<\/p>\n<p style=\"text-align: justify;\">En 2024 la Universidad de Sevilla en su II edici\u00f3n le otorg\u00f3 el Reconocimiento a Buenas Pr\u00e1cticas en Materia de Igualdad de G\u00e9nero 2024 en la modalidad <em>Investigaci\u00f3n en materia de igualdad<\/em>, por sus innumerables y relevantes aportes en investigaci\u00f3n desde la Psicolog\u00eda en materia de igualdad.<\/p>\n<p>&nbsp;<\/p>\n<p><a href=\"https:\/\/igualdad.us.es\/wpblog\/?page_id=910\"><span style=\"color: #993366;\">\u21b5 Volver<\/span><\/a><\/p>\n","protected":false},"excerpt":{"rendered":"<p>Doctora en Pedagog\u00eda y catedr\u00e1tica de Psicolog\u00eda<\/p>\n","protected":false},"author":1,"featured_media":8438,"parent":910,"menu_order":0,"comment_status":"closed","ping_status":"closed","template":"","meta":{"footnotes":""},"class_list":["post-8437","page","type-page","status-publish","has-post-thumbnail","hentry"],"_links":{"self":[{"href":"https:\/\/igualdad.us.es\/wpblog\/wp-json\/wp\/v2\/pages\/8437","targetHints":{"allow":["GET"]}}],"collection":[{"href":"https:\/\/igualdad.us.es\/wpblog\/wp-json\/wp\/v2\/pages"}],"about":[{"href":"https:\/\/igualdad.us.es\/wpblog\/wp-json\/wp\/v2\/types\/page"}],"author":[{"embeddable":true,"href":"https:\/\/igualdad.us.es\/wpblog\/wp-json\/wp\/v2\/users\/1"}],"replies":[{"embeddable":true,"href":"https:\/\/igualdad.us.es\/wpblog\/wp-json\/wp\/v2\/comments?post=8437"}],"version-history":[{"count":1,"href":"https:\/\/igualdad.us.es\/wpblog\/wp-json\/wp\/v2\/pages\/8437\/revisions"}],"predecessor-version":[{"id":8439,"href":"https:\/\/igualdad.us.es\/wpblog\/wp-json\/wp\/v2\/pages\/8437\/revisions\/8439"}],"up":[{"embeddable":true,"href":"https:\/\/igualdad.us.es\/wpblog\/wp-json\/wp\/v2\/pages\/910"}],"wp:featuredmedia":[{"embeddable":true,"href":"https:\/\/igualdad.us.es\/wpblog\/wp-json\/wp\/v2\/media\/8438"}],"wp:attachment":[{"href":"https:\/\/igualdad.us.es\/wpblog\/wp-json\/wp\/v2\/media?parent=8437"}],"curies":[{"name":"wp","href":"https:\/\/api.w.org\/{rel}","templated":true}]}}