{"id":8424,"date":"2025-03-26T08:30:05","date_gmt":"2025-03-26T07:30:05","guid":{"rendered":"https:\/\/igualdad.us.es\/wpblog\/?page_id=8424"},"modified":"2025-03-26T08:30:05","modified_gmt":"2025-03-26T07:30:05","slug":"maria-teresa-alba","status":"publish","type":"page","link":"https:\/\/igualdad.us.es\/wpblog\/mujeres-destacadas\/maria-teresa-alba\/","title":{"rendered":"Mar\u00eda Teresa Alba P\u00e9rez"},"content":{"rendered":"<p style=\"text-align: justify;\"><span style=\"color: #993366;\">Mar\u00eda Teresa Alba P\u00e9rez (1949)<br \/>\n<\/span><\/p>\n<p style=\"text-align: justify;\">Fil\u00f3loga, catedr\u00e1tica de Ense\u00f1anza Secundaria, especialista en g\u00e9nero, presidenta de la Asociaci\u00f3n de Mujeres P\u00e1ginas Violeta, activista feminista y coordinadora de Seminarios sobre violencia de g\u00e9nero de la Universidad de Sevilla en varias ediciones. Es una persona con sensibilidad social, comprometida con la causa de las mujeres y la labor social de lograr una sociedad igualitaria, democr\u00e1tica, participativa y justa. Trabaja contribuyendo a un mundo mejor a trav\u00e9s de la formaci\u00f3n, la educaci\u00f3n y, especialmente, la coeducaci\u00f3n. Por su labor y trayectoria le otorgaron el premio Meridiana 2003 del Instituto Andaluz de la Mujer. Adem\u00e1s, ha sido cofundadora y vicepresidenta de la Fundaci\u00f3n Matria.<\/p>\n<p style=\"text-align: justify;\">En 2024 la Universidad de Sevilla en su II edici\u00f3n le otorg\u00f3 a la Asociaci\u00f3n de Mujeres P\u00e1ginas Violeta el Reconocimiento a Buenas Pr\u00e1cticas en Materia de Igualdad de G\u00e9nero 2024 en la modalidad <em>Desarrollo de la formaci\u00f3n en materia de igualdad<\/em>, por colaborar con la Unidad para la Igualdad de la Universidad de Sevilla, como agente externo, en la ejecuci\u00f3n de acciones formativas y de sensibilizaci\u00f3n en materia de Igualdad de g\u00e9nero y prevenci\u00f3n de la violencia machista.<\/p>\n<p style=\"text-align: justify;\">Si quieres conocer un poco m\u00e1s de ella y de P\u00e1ginas Violeta, te invitamos a que escuches esta entrevista que le hicimos en I-Radiando Igualdad, episodio 2&#215;13: <a href=\"https:\/\/radio.us.es\/episodio\/i-radiando-igualdad-episodio-2x13-entrevista-a-teresa-alba-perez\/\">https:\/\/radio.us.es\/episodio\/i-radiando-igualdad-episodio-2&#215;13-entrevista-a-teresa-alba-perez\/<\/a><\/p>\n<p>&nbsp;<\/p>\n<p><a href=\"https:\/\/igualdad.us.es\/wpblog\/?page_id=910\"><span style=\"color: #993366;\">\u21b5 Volver<\/span><\/a><\/p>\n","protected":false},"excerpt":{"rendered":"<p>Fil\u00f3loga, catedr\u00e1tica de Ense\u00f1anza Secundaria, especialista en g\u00e9nero<\/p>\n","protected":false},"author":1,"featured_media":8425,"parent":910,"menu_order":0,"comment_status":"closed","ping_status":"closed","template":"","meta":{"footnotes":""},"class_list":["post-8424","page","type-page","status-publish","has-post-thumbnail","hentry"],"_links":{"self":[{"href":"https:\/\/igualdad.us.es\/wpblog\/wp-json\/wp\/v2\/pages\/8424","targetHints":{"allow":["GET"]}}],"collection":[{"href":"https:\/\/igualdad.us.es\/wpblog\/wp-json\/wp\/v2\/pages"}],"about":[{"href":"https:\/\/igualdad.us.es\/wpblog\/wp-json\/wp\/v2\/types\/page"}],"author":[{"embeddable":true,"href":"https:\/\/igualdad.us.es\/wpblog\/wp-json\/wp\/v2\/users\/1"}],"replies":[{"embeddable":true,"href":"https:\/\/igualdad.us.es\/wpblog\/wp-json\/wp\/v2\/comments?post=8424"}],"version-history":[{"count":2,"href":"https:\/\/igualdad.us.es\/wpblog\/wp-json\/wp\/v2\/pages\/8424\/revisions"}],"predecessor-version":[{"id":8427,"href":"https:\/\/igualdad.us.es\/wpblog\/wp-json\/wp\/v2\/pages\/8424\/revisions\/8427"}],"up":[{"embeddable":true,"href":"https:\/\/igualdad.us.es\/wpblog\/wp-json\/wp\/v2\/pages\/910"}],"wp:featuredmedia":[{"embeddable":true,"href":"https:\/\/igualdad.us.es\/wpblog\/wp-json\/wp\/v2\/media\/8425"}],"wp:attachment":[{"href":"https:\/\/igualdad.us.es\/wpblog\/wp-json\/wp\/v2\/media?parent=8424"}],"curies":[{"name":"wp","href":"https:\/\/api.w.org\/{rel}","templated":true}]}}

María Teresa Alba Pérez

<p style="text-align: justify;"><span style="color: #993366;">María Teresa Alba Pérez (1949)<br />
</span></p>
<p style="text-align: justify;">Filóloga, catedrática de Enseñanza Secundaria, especialista en género, presidenta de la Asociación de Mujeres Páginas Violeta, activista feminista y coordinadora de Seminarios sobre violencia de género de la Universidad de Sevilla en varias ediciones. Es una persona con sensibilidad social, comprometida con la causa de las mujeres y la labor social de lograr una sociedad igualitaria, democrática, participativa y justa. Trabaja contribuyendo a un mundo mejor a través de la formación, la educación y, especialmente, la coeducación. Por su labor y trayectoria le otorgaron el premio Meridiana 2003 del Instituto Andaluz de la Mujer. Además, ha sido cofundadora y vicepresidenta de la Fundación Matria.</p>
<p style="text-align: justify;">En 2024 la Universidad de Sevilla en su II edición le otorgó a la Asociación de Mujeres Páginas Violeta el Reconocimiento a Buenas Prácticas en Materia de Igualdad de Género 2024 en la modalidad <em>Desarrollo de la formación en materia de igualdad</em>, por colaborar con la Unidad para la Igualdad de la Universidad de Sevilla, como agente externo, en la ejecución de acciones formativas y de sensibilización en materia de Igualdad de género y prevención de la violencia machista.</p>
<p style="text-align: justify;">Si quieres conocer un poco más de ella y de Páginas Violeta, te invitamos a que escuches esta entrevista que le hicimos en I-Radiando Igualdad, episodio 2&#215;13: <a href="https://radio.us.es/episodio/i-radiando-igualdad-episodio-2x13-entrevista-a-teresa-alba-perez/">https://radio.us.es/episodio/i-radiando-igualdad-episodio-2&#215;13-entrevista-a-teresa-alba-perez/</a></p>
<p>&nbsp;</p>
<p><a href="https://igualdad.us.es/wpblog/?page_id=910"><span style="color: #993366;">↵ Volver</span></a></p>

<p>Filóloga, catedrática de Enseñanza Secundaria, especialista en género</p>
