{"id":8363,"date":"2025-03-18T08:11:21","date_gmt":"2025-03-18T07:11:21","guid":{"rendered":"https:\/\/igualdad.us.es\/wpblog\/?page_id=8363"},"modified":"2025-03-18T08:12:45","modified_gmt":"2025-03-18T07:12:45","slug":"iradiando-igualdad-temporada-6","status":"publish","type":"page","link":"https:\/\/igualdad.us.es\/wpblog\/difusion\/iradiando-igualdad\/temporadas-del-programa-de-radio-iradiando-igualdad\/iradiando-igualdad-temporada-6\/","title":{"rendered":"iRadiando Igualdad temporada 6"},"content":{"rendered":"<h5><strong><span style=\"color: #993366; font-size: 10pt;\">temporada 6<\/span><\/strong><\/h5>\n<p style=\"padding-left: 30px; text-align: justify;\"><strong><span style=\"color: #002866;\">6&#215;06 &#8211; 11\/Julio\/2024:<\/span><\/strong> <strong><span style=\"color: #993366;\">Orgullo; diversidad: Identidad de g\u00e9nero.<br \/>\n<\/span><\/strong><\/p>\n<p style=\"padding-left: 40px;\">El 28 de junio se conmemora el <strong>d\u00eda internacional del orgullo LGTB+<\/strong>, un d\u00eda para reafirmar el sentimiento de orgullo respecto a las orientaciones sexuales e identidades de g\u00e9nero tradicionalmente marginadas y reprimidas. <strong>Eva Cruz L\u00f3pez<\/strong> en \u201cConoces a esta mujer\u201d y <strong>Misael P\u00e9rez Os\u00e9s<\/strong> en \u201cPopurr\u00ed igualitario\u201d ahondar\u00e1n en la experiencia que supone revelar tu identidad en un contexto laboral, acad\u00e9mico e institucional. Tambi\u00e9n reivindicamos la diversidad desde otros \u00e1mbitos como la cultura leyendo un poema de la poeta gaditana <strong>Ana Rossetti.<\/strong> <strong>Esther Ciria Barreiro<\/strong> nos hablar\u00e1 en \u201cInvestigando Igualdad\u201d sobre el bienestar de la adolescencia transg\u00e9nero en Espa\u00f1a, analiz\u00e1ndolos desde sus estilos de vida, contextos de desarrollo, violencia escolar y salud mental.<\/p>\n<p style=\"padding-left: 40px;\">Y como en cada programa, repasaremos nuestro III Plan de Igualdad y comentaremos algunas noticias e iniciativas en relaci\u00f3n con el mes del Orgullo, como el izado de bandera que ondea en la Puerta del Rectorado como s\u00edmbolo de que la US est\u00e1 comprometida y orgullosa de todas las personas de su comunidad.<\/p>\n<p style=\"padding-left: 40px;\"><a href=\"https:\/\/radio.us.es\/episodio\/i-radiando-igualdad-episodio-7x05-orgullo-diversidad-identidad-de-genero\/\" target=\"_blank\" rel=\"noopener noreferrer\"><span style=\"color: #993366;\">Esc\u00fachalo aqu\u00ed<\/span> <img loading=\"lazy\" decoding=\"async\" class=\"size-full wp-image-923 alignnone\" src=\"https:\/\/igualdad.us.es\/wpblog\/wp-content\/uploads\/2018\/05\/microfono_20x20.png\" alt=\"\" width=\"20\" height=\"26\" \/><\/a> &#8211; <a href=\"https:\/\/radio.us.es\/wp-content\/uploads\/2024\/07\/JUNIO-MES-DE-LA-DIVERSIDAD-iRadiando-Igualdad_06x06-4.mp3\" target=\"_blank\" rel=\"noopener noreferrer\"><span style=\"color: #993366;\">Desc\u00e1rgalo aqu\u00ed<\/span> <img loading=\"lazy\" decoding=\"async\" class=\"size-full wp-image-925 alignnone\" src=\"https:\/\/igualdad.us.es\/wpblog\/wp-content\/uploads\/2018\/05\/descarga_20x20.png\" alt=\"\" width=\"20\" height=\"19\" \/><\/a><\/p>\n<p style=\"padding-left: 30px; text-align: justify;\"><strong><span style=\"color: #002866;\">6&#215;05 &#8211; 13\/Junio\/2024:<\/span><\/strong> <strong><span style=\"color: #993366;\">Perspectiva de g\u00e9nero en docencia e investigaci\u00f3n, conciliaci\u00f3n corresponsable, papel de las unidades de igualdad y de los hombres.<br \/>\n<\/span><\/strong><\/p>\n<p style=\"padding-left: 40px;\">La perspectiva de g\u00e9nero en docencia e investigaci\u00f3n es clave para la deconstrucci\u00f3n de sesgos y estereotipos sexistas que ralentizan o impiden el avance hacia la igualdad. Compartir\u00e1n sus saberes y experiencias en este sentido <strong>M. \u00c1ngeles Rebollo Catal\u00e1n<\/strong> en \u201cConoces a esta mujer\u201d y <strong>Esther Barber\u00e1 Heredia<\/strong> en \u201cInvestigando para la Igualdad\u201d. Escucharemos tambi\u00e9n a <strong>Isabel Jim\u00e9nez Lucena<\/strong> sobre el papel de las unidades de igualdad y la conciliaci\u00f3n corresponsable y a <strong>Juan Ignacio Paz Rodr\u00edguez<\/strong> sobre el papel de los hombres en el camino de la igualdad. Todas estas personas fueron premiadas en la <a href=\"https:\/\/igualdad.us.es\/?page_id=6563\"><strong>II Edici\u00f3n de Reconocimientos a buenas pr\u00e1cticas en materia de igualdad de g\u00e9nero en la universidad de Sevilla<\/strong><\/a>. Y, si el arte tiene un potencial transformador lo comprobamos en \u201cCultura Violeta\u201d con<strong> Bernab\u00e9 Alonso Fari\u00f1as<\/strong> y<strong> Karina Valihura<\/strong> quienes, adem\u00e1s de trasmitir sus valores e ideas a trav\u00e9s de la palabra, lo hacen desde la m\u00fasica.<br \/>\nY como en cada programa, repasaremos nuestro III Plan de Igualdad y comentaremos algunas noticias e iniciativas llevadas a cabo desde la Unidad para la Igualdad de la US.<\/p>\n<p style=\"padding-left: 40px;\"><a href=\"https:\/\/radio.us.es\/episodio\/i-radiando-igualdad-episodio-6x05-perspectiva-de-genero-en-docencia-e-investigacion-conciliacion-corresponsable-papel-de-las-unidades-de-igualdad-y-de-los-hombres\/\" target=\"_blank\" rel=\"noopener noreferrer\"><span style=\"color: #993366;\">Esc\u00fachalo aqu\u00ed<\/span> <img loading=\"lazy\" decoding=\"async\" class=\"size-full wp-image-923 alignnone\" src=\"https:\/\/igualdad.us.es\/wpblog\/wp-content\/uploads\/2018\/05\/microfono_20x20.png\" alt=\"\" width=\"20\" height=\"26\" \/><\/a> &#8211; <a href=\"https:\/\/radio.us.es\/wp-content\/uploads\/2024\/06\/iRadiando-Igualdad_06x05aup3-1.mp3\" target=\"_blank\" rel=\"noopener noreferrer\"><span style=\"color: #993366;\">Desc\u00e1rgalo aqu\u00ed<\/span> <img loading=\"lazy\" decoding=\"async\" class=\"size-full wp-image-925 alignnone\" src=\"https:\/\/igualdad.us.es\/wpblog\/wp-content\/uploads\/2018\/05\/descarga_20x20.png\" alt=\"\" width=\"20\" height=\"19\" \/><\/a><\/p>\n<p style=\"padding-left: 30px; text-align: justify;\"><strong><span style=\"color: #002866;\">6&#215;04 &#8211; 23\/Abril\/2024:<\/span><\/strong> <strong><span style=\"color: #993366;\">D\u00eda Internacional de las Mujeres.<br \/>\n<\/span><\/strong><\/p>\n<p style=\"padding-left: 40px;\">El pasado mes de marzo celebramos el\u00a0<strong>8M, D\u00eda Internacional de las Mujeres<\/strong>. La ONU elige cada a\u00f1o un eslogan como declaraci\u00f3n de cambio. El de este a\u00f1o ha sido: \u00abFinanciar los derechos de las mujeres: acelerar la igualdad\u00bb. En este programa escucharemos, en Conoces a esta mujer, a\u00a0<strong>M\u00aa Carmen Moreno Rodr\u00edguez<\/strong>, primera mujer decana, que nos hablar\u00e1 de su caracter\u00edstico \u201cliderazgo desde la escucha\u201d, adem\u00e1s de compartir con nosotros sus futuros proyectos. En Investigando para la Igualdad, hablaremos con\u00a0<strong>Raquel Barrionuevo P\u00e9rez<\/strong>, la cual compartir\u00e1 con nosotras los resultados m\u00e1s importantes de su investigaci\u00f3n, consistente en recuperar las numerosas aportaciones de mujeres escultoras, silenciadas por la Historia. En Debatiendo para la Igualdad, tendremos un interesante debate sobre el tejido asociativo entre las asociaciones\u00a0<strong>P\u00e1ginas Violeta y Acci\u00f3n en Red<\/strong>, que protagonizar\u00e1n\u00a0<strong>Teresa Alba P\u00e9rez y Mar\u00eda Antonia Caro Hern\u00e1ndez<\/strong>.<\/p>\n<p style=\"padding-left: 40px;\">Finalmente, repasaremos nuestro III Plan de Igualdad y comentaremos algunas noticias e iniciativas en materia de g\u00e9nero llevadas a cabo desde la Unidad para la Igualdad de la US.<\/p>\n<p style=\"padding-left: 40px;\"><a href=\"https:\/\/radio.us.es\/episodio\/i-radiando-igualdad-episodio-6x04-abril-de-2024\/\" target=\"_blank\" rel=\"noopener noreferrer\"><span style=\"color: #993366;\">Esc\u00fachalo aqu\u00ed<\/span> <img loading=\"lazy\" decoding=\"async\" class=\"size-full wp-image-923 alignnone\" src=\"https:\/\/igualdad.us.es\/wpblog\/wp-content\/uploads\/2018\/05\/microfono_20x20.png\" alt=\"\" width=\"20\" height=\"26\" \/><\/a> &#8211; <a href=\"https:\/\/radio.us.es\/wp-content\/uploads\/2024\/04\/iRadiando-Igualdad_06x04-8M-aup3.mp3\" target=\"_blank\" rel=\"noopener noreferrer\"><span style=\"color: #993366;\">Desc\u00e1rgalo aqu\u00ed<\/span> <img loading=\"lazy\" decoding=\"async\" class=\"size-full wp-image-925 alignnone\" src=\"https:\/\/igualdad.us.es\/wpblog\/wp-content\/uploads\/2018\/05\/descarga_20x20.png\" alt=\"\" width=\"20\" height=\"19\" \/><\/a><\/p>\n<p style=\"padding-left: 30px; text-align: justify;\"><strong><span style=\"color: #002866;\">6&#215;03 &#8211; 21\/Marzo\/2024:<\/span><\/strong> <strong><span style=\"color: #993366;\">D\u00eda Internacional de la Mujer y la Ni\u00f1a en la Ciencia.<br \/>\n<\/span><\/strong><\/p>\n<p style=\"padding-left: 40px; text-align: justify;\">Este programa gira en torno al <strong>11 de febrero, D\u00eda Internacional de la Mujer y la Ni\u00f1a en la Ciencia<\/strong>. Participan mujeres de ramas muy diversas que comparten un mismo objetivo: romper la brecha de sue\u00f1os. Escuchamos en Conoces a esta mujer a <strong>Andreea Madalina Oprescu<\/strong>. En Investigando para la Igualdad, tres mujeres, <strong>Carmen Sol\u00eds Espallargas<\/strong>, <strong>Paula Cisneros Infante<\/strong> y <strong>Reyes Vega Mora<\/strong>, nos hablan sobre su proyecto de investigaci\u00f3n. En Debatiendo para la Igualdad <strong>Joaquina Laffarga Briones<\/strong> y <strong>Paula Daza Navarro<\/strong> conversan desde diferentes ramas del conocimiento sobre qu\u00e9 es ciencia y su papel.<\/p>\n<p style=\"padding-left: 40px; text-align: justify;\">El carnaval de C\u00e1diz se trasporta a nuestros o\u00eddos con un trozo de la <strong>comparsa feminista \u201cLas Musas\u201d<\/strong>. Finalmente, nos leen sus relatos las tres ganadoras del concurso de relatos cortos que convoc\u00f3 el CADUS, en colaboraci\u00f3n con la Unidad para la Igualdad; repasamos nuestro III Plan de Igualdad en relaci\u00f3n con el tema del programa y algunas noticias e iniciativas relevantes en Igualdad.<\/p>\n<p style=\"padding-left: 40px;\"><a href=\"https:\/\/radio.us.es\/episodio\/i-radiando-igualdad-episodio-6x03-dia-internacional-de-la-mujer-y-la-nina-en-la-ciencia\/\" target=\"_blank\" rel=\"noopener noreferrer\"><span style=\"color: #993366;\">Esc\u00fachalo aqu\u00ed<\/span> <img loading=\"lazy\" decoding=\"async\" class=\"size-full wp-image-923 alignnone\" src=\"https:\/\/igualdad.us.es\/wpblog\/wp-content\/uploads\/2018\/05\/microfono_20x20.png\" alt=\"\" width=\"20\" height=\"26\" \/><\/a> &#8211; <a href=\"https:\/\/radio.us.es\/wp-content\/uploads\/2024\/03\/iRadiando-Igualdad_06x03-1-1.mp3\" target=\"_blank\" rel=\"noopener noreferrer\"><span style=\"color: #993366;\">Desc\u00e1rgalo aqu\u00ed<\/span> <img loading=\"lazy\" decoding=\"async\" class=\"size-full wp-image-925 alignnone\" src=\"https:\/\/igualdad.us.es\/wpblog\/wp-content\/uploads\/2018\/05\/descarga_20x20.png\" alt=\"\" width=\"20\" height=\"19\" \/><\/a><\/p>\n<p style=\"padding-left: 30px; text-align: justify;\"><strong><span style=\"color: #002866;\">6&#215;02 &#8211; 08\/febrero\/2024:<\/span><\/strong> <strong><span style=\"color: #993366;\">IV Jornada de Reflexi\u00f3n sobre el Acoso.<br \/>\n<\/span><\/strong><\/p>\n<p style=\"padding-left: 40px; text-align: justify;\">Con motivo de la celebraci\u00f3n de la <strong>IV Jornada de Reflexi\u00f3n sobre el Acoso<\/strong>, se entrevista a algunas personas participantes que hablan de los distintos niveles de prevenci\u00f3n y la respuesta ante cada uno de ellos:<strong> Lorena \u00c1vila Calvo<\/strong>, actriz int\u00e9rprete de \u201cLa Violaci\u00f3n de Lucrecia\u201d; la profesora de la Facultad de Derecho <strong>Beatriz Campuzano D\u00edaz<\/strong>, presidenta de la Comisi\u00f3n de Convivencia de la US; <strong>Sara Cagliero <\/strong>acerca de algunas de sus l\u00edneas de investigaci\u00f3n sobre el an\u00e1lisis de las pol\u00edticas contra la Violencia Sexual y de G\u00e9nero; <strong>Jos\u00e9 Medina D\u00edaz y Marina Otero Reina<\/strong>, sobre el proceso de mediaci\u00f3n y; <strong>Jos\u00e9 Castilla Jim\u00e9nez<\/strong>, Coordinador del Programa de Mediaci\u00f3n y Justicia Restaurativa.<\/p>\n<p style=\"padding-left: 40px;\"><a href=\"https:\/\/radio.us.es\/episodio\/i-radiando-igualdad-episodio-6x03-enero-de-2024\/\" target=\"_blank\" rel=\"noopener noreferrer\"><span style=\"color: #993366;\">Esc\u00fachalo aqu\u00ed<\/span> <img loading=\"lazy\" decoding=\"async\" class=\"size-full wp-image-923 alignnone\" src=\"https:\/\/igualdad.us.es\/wpblog\/wp-content\/uploads\/2018\/05\/microfono_20x20.png\" alt=\"\" width=\"20\" height=\"26\" \/><\/a> &#8211; <a href=\"https:\/\/radio.us.es\/wp-content\/uploads\/2024\/02\/I-Radiando-Igualdad-06x03-1.mp3\" target=\"_blank\" rel=\"noopener noreferrer\"><span style=\"color: #993366;\">Desc\u00e1rgalo aqu\u00ed<\/span> <img loading=\"lazy\" decoding=\"async\" class=\"size-full wp-image-925 alignnone\" src=\"https:\/\/igualdad.us.es\/wpblog\/wp-content\/uploads\/2018\/05\/descarga_20x20.png\" alt=\"\" width=\"20\" height=\"19\" \/><\/a><\/p>\n<p style=\"padding-left: 30px; text-align: justify;\"><strong><span style=\"color: #002866;\">6&#215;01 &#8211; 03\/noviembre\/2023:<\/span><\/strong> <strong><span style=\"color: #993366;\">Construcci\u00f3n de Igualdad; Psicolog\u00eda de g\u00e9nero; Periodismo feminista; Ciberacoso; Nuevas masculinidades.<br \/>\n<\/span><\/strong><\/p>\n<p style=\"padding-left: 40px; text-align: justify;\">Iniciamos nuestra sexta temporada y con la llegada del nuevo curso acad\u00e9mico vuelven las reflexiones sobre c\u00f3mo construir la Igualdad desde la Universidad de Sevilla. Durante el transcurso del programa, se entrevistaremos a diferentes personalidades. En primer lugar, hablaremos con <strong>Victoria Ferrer<\/strong> sobre micromachismos y violencia machista entre la juventud. Tras esto, <strong>Patricia Reguero, Antonia Ceballos y Mar\u00eda \u00c1ngeles Fern\u00e1ndez<\/strong> debatir\u00e1n sobre comunicaci\u00f3n feminista transformadora. Seguiremos con la intervenci\u00f3n de <strong>Luc\u00eda L\u00f3pez, Gabriel Gonz\u00e1lez y Francisco Javier Curto<\/strong> sobre estrategias ante el ciberacoso. A continuaci\u00f3n, contamos con la participaci\u00f3n de <strong>Octavio Salazar<\/strong> y su visi\u00f3n sobre el papel de las masculinidades en la lucha contra las desigualdades de g\u00e9nero. Tras el repaso a algunas medidas del III Plan de Igualdad, el cierre vendr\u00e1 con las ultimas noticias relacionadas con la Igualdad.<\/p>\n<p style=\"padding-left: 40px;\"><a href=\"https:\/\/radio.us.es\/episodio\/i-radiando-igualdad-episodio-6x01-octubre-2023\/\" target=\"_blank\" rel=\"noopener noreferrer\"><span style=\"color: #993366;\">Esc\u00fachalo aqu\u00ed<\/span> <img loading=\"lazy\" decoding=\"async\" class=\"size-full wp-image-923 alignnone\" src=\"https:\/\/igualdad.us.es\/wpblog\/wp-content\/uploads\/2018\/05\/microfono_20x20.png\" alt=\"\" width=\"20\" height=\"26\" \/><\/a> &#8211; <a href=\"https:\/\/radio.us.es\/wp-content\/uploads\/2023\/11\/septiembre_def-primerarev-1.mp3\" target=\"_blank\" rel=\"noopener noreferrer\"><span style=\"color: #993366;\">Desc\u00e1rgalo aqu\u00ed<\/span> <img loading=\"lazy\" decoding=\"async\" class=\"size-full wp-image-925 alignnone\" src=\"https:\/\/igualdad.us.es\/wpblog\/wp-content\/uploads\/2018\/05\/descarga_20x20.png\" alt=\"\" width=\"20\" height=\"19\" \/><\/a><\/p>\n<h4><a href=\"https:\/\/igualdad.us.es\/wpblog\/difusion\/iradiando-igualdad\/temporadas-del-programa-de-radio-iradiando-igualdad\/\"><span style=\"color: #993366;\">\u21d0 volver<\/span><\/a><\/h4>\n","protected":false},"excerpt":{"rendered":"<p>El programa de radio de la US por la igualdad<\/p>\n","protected":false},"author":1,"featured_media":1862,"parent":8333,"menu_order":6,"comment_status":"closed","ping_status":"closed","template":"","meta":{"footnotes":""},"class_list":["post-8363","page","type-page","status-publish","has-post-thumbnail","hentry"],"_links":{"self":[{"href":"https:\/\/igualdad.us.es\/wpblog\/wp-json\/wp\/v2\/pages\/8363","targetHints":{"allow":["GET"]}}],"collection":[{"href":"https:\/\/igualdad.us.es\/wpblog\/wp-json\/wp\/v2\/pages"}],"about":[{"href":"https:\/\/igualdad.us.es\/wpblog\/wp-json\/wp\/v2\/types\/page"}],"author":[{"embeddable":true,"href":"https:\/\/igualdad.us.es\/wpblog\/wp-json\/wp\/v2\/users\/1"}],"replies":[{"embeddable":true,"href":"https:\/\/igualdad.us.es\/wpblog\/wp-json\/wp\/v2\/comments?post=8363"}],"version-history":[{"count":3,"href":"https:\/\/igualdad.us.es\/wpblog\/wp-json\/wp\/v2\/pages\/8363\/revisions"}],"predecessor-version":[{"id":8368,"href":"https:\/\/igualdad.us.es\/wpblog\/wp-json\/wp\/v2\/pages\/8363\/revisions\/8368"}],"up":[{"embeddable":true,"href":"https:\/\/igualdad.us.es\/wpblog\/wp-json\/wp\/v2\/pages\/8333"}],"wp:featuredmedia":[{"embeddable":true,"href":"https:\/\/igualdad.us.es\/wpblog\/wp-json\/wp\/v2\/media\/1862"}],"wp:attachment":[{"href":"https:\/\/igualdad.us.es\/wpblog\/wp-json\/wp\/v2\/media?parent=8363"}],"curies":[{"name":"wp","href":"https:\/\/api.w.org\/{rel}","templated":true}]}}