{"id":8328,"date":"2025-03-18T07:32:09","date_gmt":"2025-03-18T06:32:09","guid":{"rendered":"https:\/\/igualdad.us.es\/wpblog\/?page_id=8328"},"modified":"2025-03-18T08:01:43","modified_gmt":"2025-03-18T07:01:43","slug":"iradiando-igualdad-temporada-1","status":"publish","type":"page","link":"https:\/\/igualdad.us.es\/wpblog\/difusion\/iradiando-igualdad\/temporadas-del-programa-de-radio-iradiando-igualdad\/iradiando-igualdad-temporada-1\/","title":{"rendered":"iRadiando Igualdad temporada 1"},"content":{"rendered":"<h5><strong><span style=\"color: #993366; font-size: 10pt;\">Temporada 1<\/span><\/strong><\/h5>\n<p style=\"padding-left: 30px; text-align: justify;\"><strong><span style=\"color: #002866;\">1&#215;08 &#8211; 5\/julio\/2019:<\/span><\/strong> Coincidiendo con el 28 de junio, <strong>D\u00eda Internacional del Orgullo LGBT<\/strong>, hablamos sobre la representaci\u00f3n y lucha por los <strong>derechos de lesbianas, gays, bisexuales y trans<\/strong>. Hacemos un repaso a algunas <strong>pel\u00edculas, series y libros relacionados con el colectivo LGTBI<\/strong>, de las iniciativas realizadas en los \u00faltimos a\u00f1os en la universidad y como siempre contamos con la participaci\u00f3n de mujeres y hombres que trabajan por la igualdad y el derecho a la no discriminaci\u00f3n.<\/p>\n<p style=\"padding-left: 30px; text-align: justify;\"><a href=\"https:\/\/radio.us.es\/episodio\/i-radiando-igualdad-episodio-09x01-lgtbi-diversidad-sexual-orientacion-sexual-queer\/\" target=\"_blank\" rel=\"noopener noreferrer\"><span style=\"color: #993366;\">Esc\u00fachalo aqu\u00ed<\/span> <img loading=\"lazy\" decoding=\"async\" class=\"size-full wp-image-923 alignnone\" src=\"https:\/\/igualdad.us.es\/wpblog\/wp-content\/uploads\/2018\/05\/microfono_20x20.png\" alt=\"\" width=\"20\" height=\"26\" \/><\/a> &#8211; <a href=\"https:\/\/radio.us.es\/wp-content\/uploads\/2019\/07\/iRadiando-Igualdad_01x08_Junio-1.mp3\" target=\"_blank\" rel=\"noopener noreferrer\"><span style=\"color: #993366;\">Desc\u00e1rgalo aqu\u00ed<\/span> <img loading=\"lazy\" decoding=\"async\" class=\"size-full wp-image-925 alignnone\" src=\"https:\/\/igualdad.us.es\/wpblog\/wp-content\/uploads\/2018\/05\/descarga_20x20.png\" alt=\"\" width=\"20\" height=\"19\" \/><\/a><\/p>\n<p style=\"padding-left: 30px; text-align: justify;\"><strong><span style=\"color: #002866;\">1&#215;07 &#8211; 25\/junio\/2019:<\/span><\/strong> Esta septima entrega se hace internacional: escuchamos las voces de alumnas, profesoras y expertas en <strong>cooperaci\u00f3n al desarrollo<\/strong>, y c\u00f3mo a trav\u00e9s de los proyectos de colaboraci\u00f3n internacionales podemos comprender la situaci\u00f3n de las mujeres en otros pa\u00edses, adem\u00e1s de ofrecer ayuda mutua para conseguir la igualdad y acabar con la violencia machista.<\/p>\n<p style=\"padding-left: 30px; text-align: justify;\"><a href=\"https:\/\/radio.us.es\/episodio\/i-radiando-igualdad-episodio-07x01-cooperacion-desarrollo-feminicidios\/\" target=\"_blank\" rel=\"noopener noreferrer\"><span style=\"color: #993366;\">Esc\u00fachalo aqu\u00ed<\/span> <img loading=\"lazy\" decoding=\"async\" class=\"size-full wp-image-923 alignnone\" src=\"https:\/\/igualdad.us.es\/wpblog\/wp-content\/uploads\/2018\/05\/microfono_20x20.png\" alt=\"\" width=\"20\" height=\"26\" \/><\/a> &#8211; <a href=\"https:\/\/radio.us.es\/wp-content\/uploads\/2019\/06\/iRadiando-Igualdad_01x07.mp3\" target=\"_blank\" rel=\"noopener noreferrer\"><span style=\"color: #993366;\">Desc\u00e1rgalo aqu\u00ed<\/span> <img loading=\"lazy\" decoding=\"async\" class=\"size-full wp-image-925 alignnone\" src=\"https:\/\/igualdad.us.es\/wpblog\/wp-content\/uploads\/2018\/05\/descarga_20x20.png\" alt=\"\" width=\"20\" height=\"19\" \/><\/a><\/p>\n<p style=\"padding-left: 30px; text-align: justify;\"><strong><span style=\"color: #002866;\">1&#215;06 &#8211; 17\/mayo\/2019:<\/span><\/strong> Esta sexta entrega est\u00e1 dedicado a todos los <strong>hombres que tambi\u00e9n trabajan por la igualdad<\/strong>. Debatiremos sobre las <strong>masculinidades<\/strong> y sobre la participaci\u00f3n de los <strong>hombres a favor del feminismo<\/strong> y, tambi\u00e9n sobre <strong>hombres cuidadores<\/strong>, compartiendo y contrastando distintas opiniones.<\/p>\n<p style=\"padding-left: 30px; text-align: justify;\"><a href=\"https:\/\/radio.us.es\/episodio\/i-radiando-igualdad-episodio-06x01-mujer-hombre-masculinidades\/\" target=\"_blank\" rel=\"noopener noreferrer\"><span style=\"color: #993366;\">Esc\u00fachalo aqu\u00ed<\/span> <img loading=\"lazy\" decoding=\"async\" class=\"size-full wp-image-923 alignnone\" src=\"https:\/\/igualdad.us.es\/wpblog\/wp-content\/uploads\/2018\/05\/microfono_20x20.png\" alt=\"\" width=\"20\" height=\"26\" \/><\/a> &#8211; <a href=\"https:\/\/radio.us.es\/wp-content\/uploads\/2019\/05\/Raidus_iRadiando-Igualdad_01x06-online-audio-converter.com_.mp3\" target=\"_blank\" rel=\"noopener noreferrer\"><span style=\"color: #993366;\">Desc\u00e1rgalo aqu\u00ed<\/span> <img loading=\"lazy\" decoding=\"async\" class=\"size-full wp-image-925 alignnone\" src=\"https:\/\/igualdad.us.es\/wpblog\/wp-content\/uploads\/2018\/05\/descarga_20x20.png\" alt=\"\" width=\"20\" height=\"19\" \/><\/a><\/p>\n<p style=\"padding-left: 30px; text-align: justify;\"><strong><span style=\"color: #002866;\">1&#215;05 &#8211; 25\/abri\/2019:<\/span><\/strong> En esta quinta entrega, centramos el programa entorno al <a href=\"https:\/\/igualdad.us.es\/?page_id=777\"><strong>D\u00eda Internacional de la Mujer<\/strong><\/a><strong>,<\/strong> la <strong>formaci\u00f3n de posgrado<\/strong> que ofrece la US en el <strong>M\u00e1ster de Estudios de G\u00e9nero<\/strong>, as\u00ed como la intervenci\u00f3n de alumnas en la organizaci\u00f3n de la <strong>Huelga del 8M<\/strong> en nuestra ciudad..<br \/>\n<a href=\"https:\/\/radio.us.es\/episodio\/i-radiando-igualdad-episodio-05x01-mujer-8m-huelga-feminista\/\" target=\"_blank\" rel=\"noopener noreferrer\"><span style=\"color: #993366;\">Esc\u00fachalo aqu\u00ed<\/span> <img loading=\"lazy\" decoding=\"async\" class=\"size-full wp-image-923 alignnone\" src=\"https:\/\/igualdad.us.es\/wpblog\/wp-content\/uploads\/2018\/05\/microfono_20x20.png\" alt=\"\" width=\"20\" height=\"26\" \/><\/a> &#8211; <a href=\"https:\/\/radio.us.es\/wp-content\/uploads\/2019\/04\/Grabaci%C3%B3n_marzo_Radius.mp3\" target=\"_blank\" rel=\"noopener noreferrer\"><span style=\"color: #993366;\">Desc\u00e1rgalo aqu\u00ed<\/span> <img loading=\"lazy\" decoding=\"async\" class=\"size-full wp-image-925 alignnone\" src=\"https:\/\/igualdad.us.es\/wpblog\/wp-content\/uploads\/2018\/05\/descarga_20x20.png\" alt=\"\" width=\"20\" height=\"19\" \/><\/a><\/p>\n<p style=\"padding-left: 30px; text-align: justify;\"><strong><span style=\"color: #002866;\">1&#215;04 &#8211; 06\/mar\/2019:<\/span><\/strong> En esta cuarta entrega, celebramos el mes de la <strong>mujer y la ni\u00f1a en la ciencia<\/strong>, haciendo un repaso de las actuaciones, eventos e investigaciones destinadas a visibilizar la participaci\u00f3n de la poblaci\u00f3n femenina en las disciplinas cient\u00edficas tradicionalmente m\u00e1s masculinizadas.<br \/>\n<a href=\"https:\/\/radio.us.es\/episodio\/i-radiando-igualdad-episodio-04x01-mujer-y-ciencia\/\" target=\"_blank\" rel=\"noopener noreferrer\"><span style=\"color: #993366;\">Esc\u00fachalo aqu\u00ed<\/span> <img loading=\"lazy\" decoding=\"async\" class=\"size-full wp-image-923 alignnone\" src=\"https:\/\/igualdad.us.es\/wpblog\/wp-content\/uploads\/2018\/05\/microfono_20x20.png\" alt=\"\" width=\"20\" height=\"26\" \/><\/a> &#8211; <a href=\"https:\/\/radio.us.es\/wp-content\/uploads\/2019\/03\/RadiUS_iRadiando-Igualdad_01x04.mp3\" target=\"_blank\" rel=\"noopener noreferrer\"><span style=\"color: #993366;\">Desc\u00e1rgalo aqu\u00ed<\/span> <img loading=\"lazy\" decoding=\"async\" class=\"size-full wp-image-925 alignnone\" src=\"https:\/\/igualdad.us.es\/wpblog\/wp-content\/uploads\/2018\/05\/descarga_20x20.png\" alt=\"\" width=\"20\" height=\"19\" \/><\/a><\/p>\n<p style=\"padding-left: 30px; text-align: justify;\"><strong><span style=\"color: #002866;\">1&#215;03 &#8211; 06\/feb\/2019:<\/span><\/strong> Tercer programa en donde hablamos sobre la lucha por la <strong>conquista de los derechos de las mujeres<\/strong> y su cuestionamiento ante la situaci\u00f3n sociopol\u00edtica actual: contamos con opiniones expertas de personas comprometidas con la consecuci\u00f3n de la igualdad en la Universidad de Sevilla y de los movimientos asociativos feministas de Andaluc\u00eda, adem\u00e1s del resto de secciones.<br \/>\n<a href=\"https:\/\/radio.us.es\/episodio\/i-radiando-igualdad-episodio-03x01-igualdad-genero-investigacion-cultura-comunidad-universitaria\/\" target=\"_blank\" rel=\"noopener noreferrer\"><span style=\"color: #993366;\">Esc\u00fachalo aqu\u00ed<\/span> <img loading=\"lazy\" decoding=\"async\" class=\"size-full wp-image-923 alignnone\" src=\"https:\/\/igualdad.us.es\/wpblog\/wp-content\/uploads\/2018\/05\/microfono_20x20.png\" alt=\"\" width=\"20\" height=\"26\" \/><\/a> &#8211; <a href=\"https:\/\/radio.us.es\/wp-content\/uploads\/2019\/02\/RadiUS_iRadiando-Igualdad_01x03.mp3\" target=\"_blank\" rel=\"noopener noreferrer\"><span style=\"color: #993366;\">Desc\u00e1rgalo aqu\u00ed<\/span> <img loading=\"lazy\" decoding=\"async\" class=\"size-full wp-image-925 alignnone\" src=\"https:\/\/igualdad.us.es\/wpblog\/wp-content\/uploads\/2018\/05\/descarga_20x20.png\" alt=\"\" width=\"20\" height=\"19\" \/><\/a><\/p>\n<p style=\"padding-left: 30px; text-align: justify;\"><strong><span style=\"color: #002866;\">1&#215;02 &#8211; 08\/ene\/2019:<\/span><\/strong> Segundo programa en el que <strong>entrevistamos a Ana L\u00f3pez<\/strong>, vicerrectora de Servicios Sociales y Comunitarios, y <strong>Agust\u00edn Luque<\/strong>, director t\u00e9cnico del Servicio de Prevenci\u00f3n de Riesgos Laborales, que comentan el protocolo para la prevenci\u00f3n, evaluaci\u00f3n e intervenci\u00f3n ante el acoso en la Universidad de Sevilla. Tambi\u00e9n presentamos los <strong>estudios sobre g\u00e9nero<\/strong> de las investigadoras <strong>Mar\u00eda Garc\u00eda Jim\u00e9nez y Mar\u00eda \u00c1ngeles Rebollo<\/strong>, adem\u00e1s del resto de secciones.<br \/>\n<a href=\"https:\/\/radio.us.es\/episodio\/i-radiando-igualdad-episodio-02x01-entrevista-a-ana-lopez-y-agustin-luque\/\" target=\"_blank\" rel=\"noopener noreferrer\"><span style=\"color: #993366;\">Esc\u00fachalo aqu\u00ed<\/span> <img loading=\"lazy\" decoding=\"async\" class=\"size-full wp-image-923 alignnone\" src=\"https:\/\/igualdad.us.es\/wpblog\/wp-content\/uploads\/2018\/05\/microfono_20x20.png\" alt=\"\" width=\"20\" height=\"26\" \/><\/a> &#8211; <a href=\"https:\/\/radio.us.es\/wp-content\/uploads\/2019\/01\/iRadiando-Igualdad-bueno.mp3\" target=\"_blank\" rel=\"noopener noreferrer\"><span style=\"color: #993366;\">Desc\u00e1rgalo aqu\u00ed<\/span> <img loading=\"lazy\" decoding=\"async\" class=\"size-full wp-image-925 alignnone\" src=\"https:\/\/igualdad.us.es\/wpblog\/wp-content\/uploads\/2018\/05\/descarga_20x20.png\" alt=\"\" width=\"20\" height=\"19\" \/><\/a><\/p>\n<p style=\"padding-left: 30px; text-align: justify;\"><strong><span style=\"color: #002866;\">1&#215;01 &#8211; 15\/nov\/2018:<\/span><\/strong> En el primer programa hablaremos de los <strong>10 a\u00f1os de la Unidad para la Igualdad<\/strong> a trav\u00e9s de sus tres directoras; de la \u2018Cultura Violeta\u2019, en la que se realiza un repaso a la obra \u2018Cient\u00edficas: pasado, presente y futuro\u2019; o \u2018\u00bfConoces a esta mujer?\u2019, donde se presenta a <strong>Blanca Rodr\u00edguez<\/strong>, ganadora del <strong>Premio Meridiana 2018<\/strong> a las iniciativas de Investigaci\u00f3n, Desarrollo e Innovaci\u00f3n. Este programa tambi\u00e9n trata informaci\u00f3n sobre estudios de g\u00e9nero, reflexiones sobre la Unidad para la Igualdad y noticias sobre actividades y cursos relacionados con la Unidad.<br \/>\n<a href=\"https:\/\/radio.us.es\/episodio\/iradiando-igualdad-episodio-01x01-igualdad-genero-investigacion-cultura-comunidad-universitaria\/\" target=\"_blank\" rel=\"noopener noreferrer\"><span style=\"color: #993366;\">Esc\u00fachalo aqu\u00ed<\/span> <img loading=\"lazy\" decoding=\"async\" class=\"size-full wp-image-923 alignnone\" src=\"https:\/\/igualdad.us.es\/wpblog\/wp-content\/uploads\/2018\/05\/microfono_20x20.png\" alt=\"\" width=\"20\" height=\"26\" \/><\/a>\u00a0 &#8211;\u00a0 <a href=\"https:\/\/radio.us.es\/wp-content\/uploads\/2018\/11\/RadiUS_iRadiando-Igualdad_01x01.mp3\" target=\"_blank\" rel=\"noopener noreferrer\"><span style=\"color: #993366;\">Desc\u00e1rgalo aqu\u00ed\u00a0<\/span> <img loading=\"lazy\" decoding=\"async\" class=\"size-full wp-image-925 alignnone\" src=\"https:\/\/igualdad.us.es\/wpblog\/wp-content\/uploads\/2018\/05\/descarga_20x20.png\" alt=\"\" width=\"20\" height=\"19\" \/><\/a><\/p>\n<p>&nbsp;<\/p>\n<h4><a href=\"https:\/\/igualdad.us.es\/wpblog\/difusion\/iradiando-igualdad\/temporadas-del-programa-de-radio-iradiando-igualdad\/\"><span style=\"color: #993366;\">\u21d0 volver<\/span><\/a><\/h4>\n","protected":false},"excerpt":{"rendered":"<p>El programa de radio de la US por la igualdad<\/p>\n","protected":false},"author":1,"featured_media":1862,"parent":8333,"menu_order":1,"comment_status":"closed","ping_status":"closed","template":"","meta":{"footnotes":""},"class_list":["post-8328","page","type-page","status-publish","has-post-thumbnail","hentry"],"_links":{"self":[{"href":"https:\/\/igualdad.us.es\/wpblog\/wp-json\/wp\/v2\/pages\/8328","targetHints":{"allow":["GET"]}}],"collection":[{"href":"https:\/\/igualdad.us.es\/wpblog\/wp-json\/wp\/v2\/pages"}],"about":[{"href":"https:\/\/igualdad.us.es\/wpblog\/wp-json\/wp\/v2\/types\/page"}],"author":[{"embeddable":true,"href":"https:\/\/igualdad.us.es\/wpblog\/wp-json\/wp\/v2\/users\/1"}],"replies":[{"embeddable":true,"href":"https:\/\/igualdad.us.es\/wpblog\/wp-json\/wp\/v2\/comments?post=8328"}],"version-history":[{"count":5,"href":"https:\/\/igualdad.us.es\/wpblog\/wp-json\/wp\/v2\/pages\/8328\/revisions"}],"predecessor-version":[{"id":8351,"href":"https:\/\/igualdad.us.es\/wpblog\/wp-json\/wp\/v2\/pages\/8328\/revisions\/8351"}],"up":[{"embeddable":true,"href":"https:\/\/igualdad.us.es\/wpblog\/wp-json\/wp\/v2\/pages\/8333"}],"wp:featuredmedia":[{"embeddable":true,"href":"https:\/\/igualdad.us.es\/wpblog\/wp-json\/wp\/v2\/media\/1862"}],"wp:attachment":[{"href":"https:\/\/igualdad.us.es\/wpblog\/wp-json\/wp\/v2\/media?parent=8328"}],"curies":[{"name":"wp","href":"https:\/\/api.w.org\/{rel}","templated":true}]}}