{"id":832,"date":"2018-05-19T07:03:46","date_gmt":"2018-05-19T07:03:46","guid":{"rendered":"http:\/\/igualdad.us.es\/wpblog\/?page_id=832"},"modified":"2024-05-14T07:20:25","modified_gmt":"2024-05-14T06:20:25","slug":"comision-igualdad","status":"publish","type":"page","link":"https:\/\/igualdad.us.es\/wpblog\/debes-conocer\/comision-igualdad\/","title":{"rendered":"Comisi\u00f3n de Igualdad"},"content":{"rendered":"<p style=\"text-align: justify;\">Para el mejor cumplimiento de las funciones atribuidas a la Unidad de Igualdad, es necesario el compromiso, la implicaci\u00f3n y la participaci\u00f3n de todos los sectores de la Comunidad Universitaria con la promoci\u00f3n de la igualdad efectiva entre mujeres y hombres. Para ello, se crea la <strong><span style=\"color: #993366;\">Comisi\u00f3n de Igualdad de la Universidad de Sevilla<\/span><\/strong> por Resoluci\u00f3n Rectoral, de 23 de abril de 2013 (<span style=\"color: #993366;\"><a style=\"color: #993366;\" href=\"https:\/\/igualdad.us.es\/doc-general\/Comision-de-Igualdad_Res.Rectoral_creacion_2013-04-29.pdf\" target=\"_blank\" rel=\"noopener\">aqu\u00ed<\/a><\/span>)<\/p>\n<p style=\"text-align: justify;\">Esta comisi\u00f3n es un \u00f3rgano consultivo destinado a dar cauce a la participaci\u00f3n e implicaci\u00f3n de los distintos colectivos de la Comunidad Universitaria con el principio de promoci\u00f3n de la igualdad efectiva entre mujeres y hombres.<\/p>\n<h4><span style=\"color: #002858;\">Funciones<\/span><\/h4>\n<ul>\n<li style=\"text-align: justify;\">Velar por el cumplimiento de la legislaci\u00f3n en materia de igualdad de g\u00e9nero, proponiendo, en su caso, las medidas preventivas y correctoras que se consideren necesarias para asegurar el principio de igualdad de oportunidades.<\/li>\n<li style=\"text-align: justify;\">Participar en la elaboraci\u00f3n, implantaci\u00f3n, seguimiento y evaluaci\u00f3n del Plan de Igualdad de la Universidad de Sevilla.<\/li>\n<li style=\"text-align: justify;\">Participar en la elaboraci\u00f3n y valoraci\u00f3n del diagn\u00f3stico en materia de igualdad de la Universidad de Sevilla.<\/li>\n<li style=\"text-align: justify;\">Realizar informes a los \u00f3rganos de gobierno y comisiones de la Universidad en materia de pol\u00edticas de igualdad.<\/li>\n<\/ul>\n<h4><span style=\"color: #002858;\">Composici\u00f3n<\/span><\/h4>\n<table style=\"width: 80.578%; height: 336px;\" border=\"1\" summary=\"Composici\u00f3n de la Comisi\u00f3n de Igualdad de la Universidad de Sevilla\" cellspacing=\"2\" cellpadding=\"5\">\n<tbody>\n<tr style=\"height: 24px;\">\n<th style=\"text-align: center; height: 24px; width: 100.806%;\" colspan=\"5\" scope=\"colgroup\">Composici\u00f3n de la Comisi\u00f3n de Igualdad de la Universidad de Sevilla &#8211; 2024<\/th>\n<\/tr>\n<tr style=\"height: 24px;\">\n<th style=\"height: 24px; width: 68.9517%;\">\u00a0Miembro<\/th>\n<th style=\"height: 24px; width: 30.9777%;\">\u00a0Nombre<\/th>\n<\/tr>\n<tr style=\"height: 24px;\">\n<td style=\"height: 24px; width: 68.9517%;\">\u00a0Presidencia, Rector\/Rectora o el cargo acad\u00e9mico en que delegue<\/td>\n<td style=\"height: 24px; width: 30.9777%;\">\u00a0D\u00aa Ana M. L\u00f3pez Jim\u00e9nez (por delegaci\u00f3n)<\/td>\n<\/tr>\n<tr style=\"height: 24px;\">\n<td style=\"height: 24px; width: 68.9517%;\">\u00a0Dos personas del equipo de gobierno con responsabilidades en el \u00e1mbito de esta Comisi\u00f3n nombradas por el Rector\/a<\/td>\n<td style=\"height: 24px; width: 30.9777%;\">\u00a0D\u00aa Rosa Casado Mej\u00edas y D\u00aa M.Teresa Padilla Carmona<\/td>\n<\/tr>\n<tr style=\"height: 24px;\">\n<td style=\"height: 24px; width: 68.9517%;\">\u00a0Una persona representante del \u00c1rea de Recursos Humanos nombrada por el Rector\/a<\/td>\n<td style=\"height: 24px; width: 30.9777%;\">\u00a0D. Juan Antonio Ruiz Rivas<\/td>\n<\/tr>\n<tr style=\"height: 24px;\">\n<td style=\"height: 24px; width: 68.9517%;\">\u00a0Una persona representante del Seminario Interdisciplinar de Estudios de las Mujeres de la Universidad de Sevilla nombrada por el Rector\/a<\/td>\n<td style=\"height: 24px; width: 30.9777%;\">\u00a0D\u00aa Mar\u00eda del Carmen Garc\u00eda Gil<\/td>\n<\/tr>\n<tr style=\"height: 24px;\">\n<td style=\"height: 24px; width: 68.9517%;\">\u00a0Una persona de la Unidad de Igualdad de la Universidad de Sevilla nombrada por el Rector\/a<\/td>\n<td style=\"height: 24px; width: 30.9777%;\">\u00a0D. Sebasti\u00e1n Gamero G\u00f3mez<\/td>\n<\/tr>\n<tr style=\"height: 24px;\">\n<td style=\"height: 24px; width: 68.9517%;\">\u00a0Una persona del Consejo Social designada por la Presidencia de este \u00f3rgano<\/td>\n<td style=\"height: 24px; width: 30.9777%;\">\u00a0D. Jorge Carlos Lebr\u00f3n<\/td>\n<\/tr>\n<tr style=\"height: 24px;\">\n<td style=\"height: 24px; width: 68.9517%;\">\u00a0Una persona de la Defensor\u00eda Universitaria designada por quien ocupe este cargo<\/td>\n<td style=\"height: 24px; width: 30.9777%;\">\u00a0D\u00aa. Ana Mar\u00eda Maga\u00f1a Jim\u00e9nez<\/td>\n<\/tr>\n<tr style=\"height: 24px;\">\n<td style=\"height: 24px; width: 68.9517%;\">\u00a0Una persona representante de la Junta de Personal del PTGAS Funcionario<\/td>\n<td style=\"height: 24px; width: 30.9777%;\">\u00a0D\u00aa. Estrella Silva Su\u00e1rez<\/td>\n<\/tr>\n<tr style=\"height: 24px;\">\n<td style=\"height: 24px; width: 68.9517%;\">\u00a0Una persona representante de la Junta de Personal del PDI Funcionario<\/td>\n<td style=\"height: 24px; width: 30.9777%;\">\u00a0D\u00aa. Luisa Mar\u00eda Romero Moreno<\/td>\n<\/tr>\n<tr style=\"height: 24px;\">\n<td style=\"height: 24px; width: 68.9517%;\">\u00a0Una persona representante del Comit\u00e9 de Empresa del PDI laboral<\/td>\n<td style=\"height: 24px; width: 30.9777%;\">\u00a0D\u00aa. Josefa Fern\u00e1ndez Mart\u00edn<\/td>\n<\/tr>\n<tr style=\"height: 24px;\">\n<td style=\"height: 24px; width: 68.9517%;\">\u00a0Una persona representante del Comit\u00e9 de Empresa del PTGAS laboral<\/td>\n<td style=\"height: 24px; width: 30.9777%;\">\u00a0D\u00aa. M\u00aa Carmen Guzm\u00e1n Morgaz<\/td>\n<\/tr>\n<tr style=\"height: 24px;\">\n<td style=\"height: 24px; width: 68.9517%;\">\u00a0Una persona representante del alumnado (CADUS)<\/td>\n<td style=\"height: 24px; width: 30.9777%;\">\u00a0D. Adam Ali Rahali<\/td>\n<\/tr>\n<\/tbody>\n<\/table>\n<h4><span style=\"color: #002858;\">Reuniones<\/span><\/h4>\n<p style=\"padding-left: 30px;\"><strong><span style=\"font-size: 10pt;\">2024<\/span><\/strong><br \/>\n\u00bb <span style=\"color: #993366;\">14\/05\/2024<\/span><\/p>\n<p style=\"padding-left: 30px;\"><strong><span style=\"font-size: 10pt;\">2022<\/span><\/strong><br \/>\n\u00bb <span style=\"color: #993366;\">21\/12\/2022<\/span><\/p>\n<p style=\"padding-left: 30px;\"><strong><span style=\"font-size: 10pt;\">2021<\/span><\/strong><br \/>\n\u00bb <span style=\"color: #993366;\">15\/11\/2021<\/span><br \/>\n\u00bb <span style=\"color: #993366;\">07\/10\/2021<\/span><\/p>\n<p style=\"padding-left: 30px;\"><strong><span style=\"font-size: 10pt;\">2019<\/span><\/strong><br \/>\n\u00bb <span style=\"color: #993366;\">30\/10\/2019<\/span><\/p>\n<p style=\"padding-left: 30px;\"><strong><span style=\"font-size: 10pt;\">2018<\/span><\/strong><br \/>\n\u00bb <span style=\"color: #993366;\">14\/12\/2018<\/span><br \/>\n\u00bb <span style=\"color: #993366;\">02\/05\/2018<\/span><\/p>\n<p style=\"padding-left: 30px;\"><strong><span style=\"font-size: 10pt;\">2017<\/span><\/strong><br \/>\n\u00bb <span style=\"color: #993366;\">03\/11\/2017<\/span><br \/>\n\u00bb <span style=\"color: #993366;\">10\/03\/2017<\/span><\/p>\n<p style=\"padding-left: 30px;\"><strong><span style=\"font-size: 10pt;\">2014<\/span><\/strong><br \/>\n\u00bb <span style=\"color: #993366;\">07\/11\/2014<\/span><br \/>\n\u00bb <span style=\"color: #993366;\">10\/10\/2014<\/span><br \/>\n\u00bb <span style=\"color: #993366;\">23\/04\/2014<\/span><\/p>\n<p style=\"padding-left: 30px;\"><strong><span style=\"font-size: 10pt;\">2013<\/span><\/strong><br \/>\n\u00bb <span style=\"color: #993366;\">30\/10\/2013<\/span><\/p>\n","protected":false},"excerpt":{"rendered":"<p>Organo consultivo destinado a dar cauce a la participaci\u00f3n e implicaci\u00f3n de los distintos colectivos de la Comunidad Universitaria con el principio de promoci\u00f3n de la igualdad efectiva entre mujeres y hombres.<\/p>\n","protected":false},"author":1,"featured_media":2012,"parent":1062,"menu_order":2,"comment_status":"closed","ping_status":"closed","template":"","meta":{"footnotes":""},"class_list":["post-832","page","type-page","status-publish","has-post-thumbnail","hentry"],"_links":{"self":[{"href":"https:\/\/igualdad.us.es\/wpblog\/wp-json\/wp\/v2\/pages\/832","targetHints":{"allow":["GET"]}}],"collection":[{"href":"https:\/\/igualdad.us.es\/wpblog\/wp-json\/wp\/v2\/pages"}],"about":[{"href":"https:\/\/igualdad.us.es\/wpblog\/wp-json\/wp\/v2\/types\/page"}],"author":[{"embeddable":true,"href":"https:\/\/igualdad.us.es\/wpblog\/wp-json\/wp\/v2\/users\/1"}],"replies":[{"embeddable":true,"href":"https:\/\/igualdad.us.es\/wpblog\/wp-json\/wp\/v2\/comments?post=832"}],"version-history":[{"count":34,"href":"https:\/\/igualdad.us.es\/wpblog\/wp-json\/wp\/v2\/pages\/832\/revisions"}],"predecessor-version":[{"id":7568,"href":"https:\/\/igualdad.us.es\/wpblog\/wp-json\/wp\/v2\/pages\/832\/revisions\/7568"}],"up":[{"embeddable":true,"href":"https:\/\/igualdad.us.es\/wpblog\/wp-json\/wp\/v2\/pages\/1062"}],"wp:featuredmedia":[{"embeddable":true,"href":"https:\/\/igualdad.us.es\/wpblog\/wp-json\/wp\/v2\/media\/2012"}],"wp:attachment":[{"href":"https:\/\/igualdad.us.es\/wpblog\/wp-json\/wp\/v2\/media?parent=832"}],"curies":[{"name":"wp","href":"https:\/\/api.w.org\/{rel}","templated":true}]}}