{"id":785,"date":"2018-05-18T08:39:21","date_gmt":"2018-05-18T08:39:21","guid":{"rendered":"http:\/\/igualdad.us.es\/wpblog\/?page_id=785"},"modified":"2024-02-29T12:14:20","modified_gmt":"2024-02-29T11:14:20","slug":"campanas","status":"publish","type":"page","link":"https:\/\/igualdad.us.es\/wpblog\/actuaciones\/campanas\/","title":{"rendered":"Campa\u00f1as"},"content":{"rendered":"<h1><span style=\"color: #002858;\">Campa\u00f1as Anuales de Sensibilizaci\u00f3n<\/span><\/h1>\n<p>&nbsp;<\/p>\n<h2><strong><span style=\"color: #993366;\">\u2234 <\/span><\/strong><span style=\"color: #993366;\"><a href=\"https:\/\/igualdad.us.es\/wpblog\/?page_id=807\"><span style=\"color: #993366;\"><strong>CAMPA\u00d1A 11Febrero &#8211; D\u00cdA INTERNACIONAL DE LA MUJER Y LA NI\u00d1A EN LA CIENCIA<\/strong><\/span><\/a><\/span><\/h2>\n<h2><strong><span style=\"color: #993366;\">\u2234 <\/span><\/strong><span style=\"color: #993366;\"><a href=\"https:\/\/igualdad.us.es\/wpblog\/?page_id=777\"><strong><span style=\"color: #993366;\">Campa\u00f1a 8Marzo &#8211; D\u00eda Internacional de las Mujeres<\/span><\/strong><\/a><\/span><\/h2>\n<h2><strong><span style=\"color: #993366;\">\u2234 <\/span><\/strong><span style=\"color: #993366;\"><a href=\"https:\/\/igualdad.us.es\/wpblog\/?page_id=788\"><strong><span style=\"color: #993366;\">CAMPA\u00d1A 25Noviembre &#8211; D\u00eda Internacional de la Eliminaci\u00f3n de la Violencia contra las Mujeres<\/span><\/strong><\/a><\/span><\/h2>\n<h2><strong>\u00a0<\/strong><\/h2>\n<h2><span style=\"color: #993366;\"><strong>\u00a0<\/strong><\/span><\/h2>\n<p>&nbsp;<\/p>\n","protected":false},"excerpt":{"rendered":"<p>Campa\u00f1as anuales de sensibilizaci\u00f3n por los derechos de la mujer y contra la violencia machista.<\/p>\n","protected":false},"author":1,"featured_media":7393,"parent":672,"menu_order":2,"comment_status":"closed","ping_status":"closed","template":"","meta":{"footnotes":""},"class_list":["post-785","page","type-page","status-publish","has-post-thumbnail","hentry"],"_links":{"self":[{"href":"https:\/\/igualdad.us.es\/wpblog\/wp-json\/wp\/v2\/pages\/785","targetHints":{"allow":["GET"]}}],"collection":[{"href":"https:\/\/igualdad.us.es\/wpblog\/wp-json\/wp\/v2\/pages"}],"about":[{"href":"https:\/\/igualdad.us.es\/wpblog\/wp-json\/wp\/v2\/types\/page"}],"author":[{"embeddable":true,"href":"https:\/\/igualdad.us.es\/wpblog\/wp-json\/wp\/v2\/users\/1"}],"replies":[{"embeddable":true,"href":"https:\/\/igualdad.us.es\/wpblog\/wp-json\/wp\/v2\/comments?post=785"}],"version-history":[{"count":11,"href":"https:\/\/igualdad.us.es\/wpblog\/wp-json\/wp\/v2\/pages\/785\/revisions"}],"predecessor-version":[{"id":7382,"href":"https:\/\/igualdad.us.es\/wpblog\/wp-json\/wp\/v2\/pages\/785\/revisions\/7382"}],"up":[{"embeddable":true,"href":"https:\/\/igualdad.us.es\/wpblog\/wp-json\/wp\/v2\/pages\/672"}],"wp:featuredmedia":[{"embeddable":true,"href":"https:\/\/igualdad.us.es\/wpblog\/wp-json\/wp\/v2\/media\/7393"}],"wp:attachment":[{"href":"https:\/\/igualdad.us.es\/wpblog\/wp-json\/wp\/v2\/media?parent=785"}],"curies":[{"name":"wp","href":"https:\/\/api.w.org\/{rel}","templated":true}]}}