{"id":764,"date":"2018-05-18T06:28:30","date_gmt":"2018-05-18T06:28:30","guid":{"rendered":"http:\/\/igualdad.us.es\/wpblog\/?page_id=764"},"modified":"2025-11-17T08:09:26","modified_gmt":"2025-11-17T07:09:26","slug":"premios-tfg-tfm-td","status":"publish","type":"page","link":"https:\/\/igualdad.us.es\/wpblog\/actuaciones\/premios-tfg-tfm-td\/","title":{"rendered":"Premios mejores TFG, TFM y Tesis Doctoral en materia de Igualdad de G\u00e9nero"},"content":{"rendered":"<p style=\"text-align: justify;\">La Universidad de Sevilla convoca la <strong><span style=\"color: #993366;\">9\u00aa edici\u00f3n de los Premios a los mejores Trabajos de Fin de Grado, Trabajos Fin de M\u00e1ster y Tesis Doctoral en materia de Igualdad de G\u00e9nero <\/span><\/strong>presentados por miembros de la Comunidad Universitaria de la Universidad de Sevilla en cualquier disciplina acad\u00e9mica en la US con perspectiva de g\u00e9nero y\/o que hayan incorporado el g\u00e9nero como categor\u00eda de an\u00e1lisis.<br \/>\n<a href=\"https:\/\/igualdad.us.es\/wpblog\/wp-content\/uploads\/2025\/09\/Premios_TFG-TFM-TD-2025_cartel.png\" target=\"_blank\" rel=\"noopener\"><img loading=\"lazy\" decoding=\"async\" class=\"alignright wp-image-8682 size-medium\" src=\"https:\/\/igualdad.us.es\/wpblog\/wp-content\/uploads\/2025\/09\/Premios_TFG-TFM-TD-2025_cartel-212x300.png\" alt=\"cartel\" width=\"212\" height=\"300\" srcset=\"https:\/\/igualdad.us.es\/wpblog\/wp-content\/uploads\/2025\/09\/Premios_TFG-TFM-TD-2025_cartel-212x300.png 212w, https:\/\/igualdad.us.es\/wpblog\/wp-content\/uploads\/2025\/09\/Premios_TFG-TFM-TD-2025_cartel.png 600w\" sizes=\"auto, (max-width: 212px) 100vw, 212px\" \/><\/a><br \/>\nLas modalidades y los premios otorgados ser\u00e1n las siguientes:<\/p>\n<p style=\"padding-left: 30px;\">\u2022 Premio al Mejor Trabajo Fin de Grado.: 400 euros<br \/>\n\u2022 Premio al Mejor Trabajo Fin de M\u00e1ster: \u00a0600 euros<br \/>\n\u2022 Premio a la Mejor Tesis Doctoral\u2026\u2026..: 1000 euros<\/p>\n<p><strong>\u00bb Convocatoria 2025<\/strong><\/p>\n<p style=\"padding-left: 40px;\">\u2022 <strong>Bases de la convocatoria del 2025<\/strong> <span style=\"color: #993366;\"><a style=\"color: #993366;\" href=\"https:\/\/igualdad.us.es\/wpblog\/wp-content\/uploads\/2025\/09\/Igualdad_Premio_mejor_TFG-TFM-TD-2025_Convocatoria-Bases.report.pdf\" target=\"_blank\" rel=\"noopener\">aqu\u00ed<\/a><\/span><\/p>\n<p style=\"padding-left: 40px;\">\u2022 <strong>Modelo de solicitud (Anexo I)<\/strong>\u00a0<span style=\"color: #993366;\"><a style=\"color: #993366;\" href=\"https:\/\/igualdad.us.es\/wpblog\/wp-content\/uploads\/2025\/09\/Igualdad_Premio_mejor_TFG-TFM-TD-2025_Convocatoria-Solicitud-Anexo-I.docx\" target=\"_blank\" rel=\"noopener\">aqu\u00ed<\/a><\/span><\/p>\n<p><strong>\u00bb Plazo de presentaci\u00f3n de solicitudes:<\/strong> hasta el <strong>24 de septiembre de 2025, inclusive<\/strong>.<\/p>\n<p><strong>NOTA: <\/strong>En caso de tener problemas con el acceso con la Sede Electr\u00f3nica de la US (<a href=\"https:\/\/sede.us.es\/web\/guest\" target=\"_blank\" rel=\"noopener\">https:\/\/sede.us.es\/web\/guest<\/a>) acceda por el siguiente enlace <a href=\"https:\/\/reg.redsara.es\" target=\"_blank\" rel=\"noopener\">https:\/\/reg.redsara.es<\/a><\/p>\n<p><strong>\u00bb Preguntas m\u00e1s frecuentes FAQ <\/strong><span style=\"color: #993366;\"><a style=\"color: #993366;\" href=\"https:\/\/igualdad.us.es\/wpblog\/wp-content\/uploads\/2024\/06\/Premio_mejor_TFG-TFM-TD-Igualdad_FAQ.pdf\" target=\"_blank\" rel=\"noopener\">aqu\u00ed<\/a><\/span><\/p>\n<p><strong>\u00bb <\/strong><strong>Relaci\u00f3n de<\/strong> <strong>solicitudes admitidas e inadmitidas a tr\u00e1mite<\/strong> para su valoraci\u00f3n por la comisi\u00f3n <strong><span style=\"color: #993366;\"><a href=\"https:\/\/igualdad.us.es\/wpblog\/wp-content\/uploads\/2025\/10\/Igualdad_Premio_mejor_TFG-TFM-TD-2025-Anuncio_2025-10-02.report.pdf\" target=\"_blank\" rel=\"noopener\"><span style=\"color: #993366;\">aqu\u00ed<\/span>.<\/a><\/span> <\/strong><\/p>\n<p><strong><strong>\u00bb <span style=\"font-size: 12pt;\">Resoluci\u00f3n Rectoral de 14 de noviembre de 2025, por la que se resuelve la IX edici\u00f3n de los premios<\/span><\/strong><span style=\"font-size: 10pt;\"><a href=\"https:\/\/igualdad.us.es\/wpblog\/wp-content\/uploads\/2025\/11\/Igualdad_Premio_mejor_TFG-TFM-TD-2025_Resolucion.report.pdf\" target=\"_blank\" rel=\"noopener\"><span style=\"color: #993366; font-size: 12pt;\"> aqu\u00ed<\/span><\/a><br \/>\n<\/span><\/strong><\/p>\n<h5><span style=\"color: #002858;\"><strong>Premios de la IX Edici\u00f3n 2025<\/strong><\/span><\/h5>\n<p style=\"padding-left: 40px;\"><strong><em><span style=\"color: #993366;\">Premio a la Mejor Tesis Doctoral, con una dotaci\u00f3n de 1000 euros.<\/span><br \/>\n<\/em><\/strong><\/p>\n<p style=\"padding-left: 80px;\">&#8212;<strong><em> \u00abCuidar en la di\u00e1spora: Pr\u00e1cticas de cuidados e identidad de mujeres africanas residiendo en Sevilla\u00bb<\/em><\/strong><br \/>\nDoctoranda: <strong>Mar\u00eda Cristina del Villar Toribio<\/strong><br \/>\nDirector\/a: Francisco Javier Saavedra Macias y Teresa Cunha<\/p>\n<p style=\"padding-left: 40px;\"><strong><em><span style=\"color: #993366;\">Premio al Mejor Trabajo Fin de M\u00e1ster, con una dotaci\u00f3n de 600 euros.<\/span><br \/>\n<\/em><\/strong><\/p>\n<p style=\"padding-left: 80px;\">&#8212; <strong>\u00abThe Tradwife&#8217;s Tale: Discussing the Resurgence of Traditional Gender Roles on Social Media\u00bb<\/strong><br \/>\nEstudiante: <strong>Mar\u00eda Ben\u00edtez Utrera<\/strong><br \/>\nTutora: Carolina S\u00e1nchez-Palencia Carazo<\/p>\n<p style=\"padding-left: 40px;\"><strong><em><span style=\"color: #993366;\">Premio al Mejor Trabajo Fin de Grado, con una dotaci\u00f3n de 400 euros.<\/span><br \/>\n<\/em><\/strong><\/p>\n<p style=\"padding-left: 80px;\">&#8212; <strong>\u00abLas mujeres de la minor\u00eda \u00e9tnica ainu y sus movimientos feministas: Una aproximaci\u00f3n interseccional\u00bb<\/strong><br \/>\nEstudiante: <strong>Luis Encinoso Iceta<\/strong><br \/>\nTutora: <strong>Carla Carmona Escalera<\/strong><\/p>\n<p style=\"padding-left: 40px;\"><strong><em><span style=\"color: #993366;\">Accesits, reconocimiento sin dotaci\u00f3n econ\u00f3mica.<\/span><br \/>\n<\/em><\/strong><\/p>\n<p style=\"padding-left: 80px;\"><em><span style=\"color: #993366;\">Tesis Doctoral. Accesit<\/span><br \/>\n<\/em><\/p>\n<p style=\"padding-left: 120px;\">&#8212;<strong> \u00abEstigma p\u00fablico hacia las mujeres v\u00edctimas y supervivientes de violencia de g\u00e9nero en el \u00e1mbito de la pareja por parte de los\/as profesionales que las asisten: factores involucrados y sugerencias de lucha contra el estigma\u00bb<\/strong><br \/>\nDoctoranda: <strong>Lara Murvartian y Carrascal<\/strong><br \/>\nDirectores: Manuel Lu\u00eds de la Mata Ben\u00edtez y Francisco Javier Saavedra Mac\u00edas<\/p>\n<p style=\"padding-left: 80px;\"><em><span style=\"color: #993366;\">Trabajo Fin de M\u00e1ster. Accesit<\/span><br \/>\n<\/em><\/p>\n<p style=\"padding-left: 120px;\">&#8212;<strong> \u00abCompetencias del profesorado de Educaci\u00f3n Primaria para prevenir la violencia de g\u00e9nero\u00bb<\/strong><br \/>\nEstudiante: <strong>Mar\u00eda Pulido Moreno<\/strong><br \/>\nTutoras: \u00c1ngeles Rebollo Catal\u00e1 y Luisa Vega Caro<\/p>\n<p style=\"padding-left: 80px;\"><em><span style=\"color: #993366;\">Trabajo Fin de Grado. Accesit<\/span><br \/>\n<\/em><\/p>\n<p style=\"padding-left: 120px;\">&#8212;<strong> \u00abEntre encajes y sombrillas: Rosita, una solterona del siglo XIX<\/strong><strong>\u00ab<\/strong><br \/>\nEstudiante:<strong> Juan Mac\u00edas \u00c1lvarez<\/strong><br \/>\nTutora: Isabel Cl\u00faa Gin\u00e9s<!-- ***************** *********************--><\/p>\n<p>&nbsp;<\/p>\n<hr \/>\n<p><span style=\"color: #002858;\"><strong>Ver premiadas y premiados en ediciones anteriores <span style=\"color: #993366;\"><a style=\"color: #993366;\" href=\"https:\/\/igualdad.us.es\/?page_id=2734\">aqu\u00ed<\/a><\/span><br \/>\n<\/strong><\/span><\/p>\n","protected":false},"excerpt":{"rendered":"<p>Reconocer el desarrollo de estudios y an\u00e1lisis cient\u00edficos, con una perspectiva de g\u00e9nero.<\/p>\n","protected":false},"author":1,"featured_media":4920,"parent":672,"menu_order":3,"comment_status":"closed","ping_status":"closed","template":"","meta":{"footnotes":""},"class_list":["post-764","page","type-page","status-publish","has-post-thumbnail","hentry"],"_links":{"self":[{"href":"https:\/\/igualdad.us.es\/wpblog\/wp-json\/wp\/v2\/pages\/764","targetHints":{"allow":["GET"]}}],"collection":[{"href":"https:\/\/igualdad.us.es\/wpblog\/wp-json\/wp\/v2\/pages"}],"about":[{"href":"https:\/\/igualdad.us.es\/wpblog\/wp-json\/wp\/v2\/types\/page"}],"author":[{"embeddable":true,"href":"https:\/\/igualdad.us.es\/wpblog\/wp-json\/wp\/v2\/users\/1"}],"replies":[{"embeddable":true,"href":"https:\/\/igualdad.us.es\/wpblog\/wp-json\/wp\/v2\/comments?post=764"}],"version-history":[{"count":77,"href":"https:\/\/igualdad.us.es\/wpblog\/wp-json\/wp\/v2\/pages\/764\/revisions"}],"predecessor-version":[{"id":8931,"href":"https:\/\/igualdad.us.es\/wpblog\/wp-json\/wp\/v2\/pages\/764\/revisions\/8931"}],"up":[{"embeddable":true,"href":"https:\/\/igualdad.us.es\/wpblog\/wp-json\/wp\/v2\/pages\/672"}],"wp:featuredmedia":[{"embeddable":true,"href":"https:\/\/igualdad.us.es\/wpblog\/wp-json\/wp\/v2\/media\/4920"}],"wp:attachment":[{"href":"https:\/\/igualdad.us.es\/wpblog\/wp-json\/wp\/v2\/media?parent=764"}],"curies":[{"name":"wp","href":"https:\/\/api.w.org\/{rel}","templated":true}]}}