{"id":3190,"date":"2020-03-23T12:03:08","date_gmt":"2020-03-23T12:03:08","guid":{"rendered":"http:\/\/igualdad.us.es\/?page_id=3190"},"modified":"2021-09-02T09:51:42","modified_gmt":"2021-09-02T08:51:42","slug":"poemas","status":"publish","type":"page","link":"https:\/\/igualdad.us.es\/wpblog\/en-tiempos-del-virus-transmitamos-igualdad\/poemas\/","title":{"rendered":"Poemas y relatos"},"content":{"rendered":"<ol>\n<li style=\"text-align: left;\"><span style=\"font-size: 10pt;\"><a href=\"https:\/\/hdvirtual.us.es\/discovirt\/index.php\/s\/czBxbkepgTcDqqH\" target=\"_blank\" rel=\"noopener noreferrer\">ESTA SE\u00d1ORA SISIFA<\/a> de Mar\u00eda \u00c1ngeles Maeso (audio)<\/span><\/li>\n<li style=\"text-align: left;\"><span style=\"font-size: 10pt;\"><a href=\"https:\/\/hdvirtual.us.es\/discovirt\/index.php\/s\/fw4fHqcBjjqA768\" target=\"_blank\" rel=\"noopener noreferrer\">NOSOTRAS<\/a> de Marta Navarro le\u00edda por Rosa Casado (audio)<\/span><\/li>\n<li style=\"text-align: left;\"><span style=\"font-size: 10pt;\"><a href=\"https:\/\/hdvirtual.us.es\/discovirt\/index.php\/s\/Mqd3mp4csNAy6Wm\" target=\"_blank\" rel=\"noopener noreferrer\">AMOR DE CUARENTENA<\/a> de Lara Murvartian Carrascal (pdf)<\/span><\/li>\n<li style=\"text-align: left;\"><span style=\"font-size: 10pt;\"><a href=\"https:\/\/hdvirtual.us.es\/discovirt\/index.php\/s\/3NHoRgNKp9Grtrm\" target=\"_blank\" rel=\"noopener noreferrer\">FIERA MANSA<\/a> de Irene D\u00edaz Diez (audio)<\/span><\/li>\n<li style=\"text-align: left;\"><span style=\"font-size: 10pt;\"><a href=\"https:\/\/hdvirtual.us.es\/discovirt\/index.php\/s\/XQzQMBojw4385Hw\" target=\"_blank\" rel=\"noopener noreferrer\">AMANECER EL D\u00cdA DESPU\u00c9S<\/a>\u00a0de Roc\u00edo Nogales Muriel (audio)<\/span><\/li>\n<li style=\"text-align: left;\"><span style=\"font-size: 10pt;\"><a href=\"https:\/\/hdvirtual.us.es\/discovirt\/index.php\/s\/27Wk4d9zn9taF3E\" target=\"_blank\" rel=\"noopener noreferrer\">MUJER<\/a> de Margarita Regalado (v\u00eddeo)<\/span><\/li>\n<li style=\"text-align: left;\"><span style=\"font-size: 10pt;\"><a href=\"https:\/\/hdvirtual.us.es\/discovirt\/index.php\/s\/fqKPssEMKaxnnK2\" target=\"_blank\" rel=\"noopener noreferrer\">MIEDOS DE MUJER<\/a> de Mar\u00eda Paula Corredor (pdf)<\/span><\/li>\n<li style=\"text-align: left;\"><span style=\"font-size: 10pt;\"><a href=\"https:\/\/hdvirtual.us.es\/discovirt\/index.php\/s\/BsjeqFFsMemrErH\" target=\"_blank\" rel=\"noopener noreferrer\">LA CAJA DE TODAS LAS PALABRAS DEL MUNDO<\/a> de Menty Andr\u00e9s Fern\u00e1ndez (audio)<\/span><\/li>\n<li style=\"text-align: left;\"><span style=\"font-size: 10pt;\"><a href=\"https:\/\/hdvirtual.us.es\/discovirt\/index.php\/s\/L4aCTK79bTiRzmc\" target=\"_blank\" rel=\"noopener noreferrer\">PODER EMERGENTE<\/a> de Pilar Carrascal del R\u00edo (pdf)<\/span><\/li>\n<li style=\"text-align: left;\"><span style=\"font-size: 10pt;\"><a href=\"https:\/\/hdvirtual.us.es\/discovirt\/index.php\/s\/rissF6sRc2xw2p3\" target=\"_blank\" rel=\"noopener noreferrer\">AL FINAL DEL D\u00cdA<\/a> de Federico Agust\u00edn Molina (pdf)<\/span><\/li>\n<li style=\"text-align: left;\"><span style=\"font-size: 10pt;\"><a href=\"https:\/\/hdvirtual.us.es\/discovirt\/index.php\/s\/gfPf37yKnKTpW2F\" target=\"_blank\" rel=\"noopener noreferrer\">FRASES ATEMPORALES PARA REFLEXIONAR<\/a> de Carolina Mateo Aguis (pdf)<\/span><\/li>\n<li style=\"text-align: left;\"><span style=\"font-size: 10pt;\"><a href=\"https:\/\/hdvirtual.us.es\/discovirt\/index.php\/s\/Lt7n7yBKa62Xr87\" target=\"_blank\" rel=\"noopener noreferrer\">CIRCULO DE LA LIBERTAD<\/a> de M\u00aa Mercedes Paredes Pinos y Karla Anabell Astudillo Reyes (v\u00eddeo)<\/span><\/li>\n<li style=\"text-align: left;\"><span style=\"font-size: 10pt;\"><a href=\"https:\/\/hdvirtual.us.es\/discovirt\/index.php\/s\/BzAjcW5NNbTNxNH\" target=\"_blank\" rel=\"noopener noreferrer\">LA HISTORIA DE TODAS<\/a> de Nereida Jim\u00e9nez Hurtado (audio)<\/span><\/li>\n<li style=\"text-align: left;\"><span style=\"font-size: 10pt;\"><a href=\"https:\/\/hdvirtual.us.es\/discovirt\/index.php\/s\/ys8yiFiabdbfz86\" target=\"_blank\" rel=\"noopener noreferrer\">ALMA EMPODERADA<\/a> de Cecilia de Novales Ontiveros (audio)<\/span><\/li>\n<li style=\"text-align: left;\"><span style=\"font-size: 10pt;\"><a href=\"https:\/\/hdvirtual.us.es\/discovirt\/index.php\/s\/qGLmsxqaHjMRqa4\" target=\"_blank\" rel=\"noopener noreferrer\">EN TIEMPOS DE PANDEMIA<\/a> de Luc\u00eda Fern\u00e1ndez Roales (audio)<\/span><\/li>\n<li style=\"text-align: left;\"><span style=\"font-size: 10pt;\"><a href=\"https:\/\/hdvirtual.us.es\/discovirt\/index.php\/s\/Q26sFRYcCB96xMC\" target=\"_blank\" rel=\"noopener noreferrer\">OTRAS MUJERES<\/a> de Rosal\u00eda Fuentes G\u00f3mez (audio)<\/span><\/li>\n<li style=\"text-align: left;\"><span style=\"font-size: 10pt;\"><a href=\"https:\/\/hdvirtual.us.es\/discovirt\/index.php\/s\/ZeofqWb9xiKmSDw\" target=\"_blank\" rel=\"noopener noreferrer\">PARA SANAR HAY QUE ENTENDER Y NOMBRAR<\/a> de An\u00f3nima (imagen)<\/span><\/li>\n<li><a href=\"https:\/\/hdvirtual.us.es\/discovirt\/index.php\/s\/RHMo5bEpmjecsX2\" target=\"_blank\" rel=\"noopener noreferrer\">TONO VIOLETA<\/a> de M\u00aa Rosa Castillo Cid (imagen)<\/li>\n<li><a href=\"https:\/\/hdvirtual.us.es\/discovirt\/index.php\/s\/gbERCYBozxDcbMy\" target=\"_blank\" rel=\"noopener noreferrer\">CORAZONES VIOLETAS<\/a> de Paula Garc\u00eda Sojo (audio)<\/li>\n<li><a href=\"https:\/\/hdvirtual.us.es\/discovirt\/index.php\/s\/HopcZfrrpZ47gLC\" target=\"_blank\" rel=\"noopener noreferrer\">DI\u00c1LOGO NECESARIO<\/a> de M. Jos\u00e9 Dorado D\u00edaz (audio)<\/li>\n<li><a href=\"https:\/\/hdvirtual.us.es\/discovirt\/index.php\/s\/ydWXdRdjNigxm33\" target=\"_blank\" rel=\"noopener noreferrer\">\u00bfEN QU\u00c9 MOMENTO SE DESESTABILIZ\u00d3?<\/a> de Mar\u00eda Mart\u00ednez Torres (pdf)<\/li>\n<li><a href=\"https:\/\/hdvirtual.us.es\/discovirt\/index.php\/s\/qpJTz2GzowDbo7P\" target=\"_blank\" rel=\"noopener noreferrer\">Relato1 PRESA EN UNA C\u00c1RCEL DE PUERTAS ABIERTAS<\/a> de Roc\u00edo Mu\u00f1oz Mu\u00f1oz (audio)<\/li>\n<li><a href=\"https:\/\/hdvirtual.us.es\/discovirt\/index.php\/s\/LBNS46jipKLayMS\" target=\"_blank\" rel=\"noopener noreferrer\">Relato2 LOS COMENTARIOS DE LA CENA DE NAVIDAD <\/a> de Roc\u00edo Mu\u00f1oz Mu\u00f1oz (audio)<\/li>\n<li><a href=\"https:\/\/hdvirtual.us.es\/discovirt\/index.php\/s\/WXJfixp4AcSsp2C\" target=\"_blank\" rel=\"noopener noreferrer\">VIOLENCIA DE G\u00c9NERO <\/a> de Mar\u00eda M. Platero Meg\u00edas (audio)<\/li>\n<li><a href=\"https:\/\/hdvirtual.us.es\/discovirt\/index.php\/s\/CgTqYH5Lmb3TpYx\" target=\"_blank\" rel=\"noopener noreferrer\">V\u00cdCTOR<\/a> de Juan A. D\u00edaz Odero (audio)<\/li>\n<li><a href=\"https:\/\/hdvirtual.us.es\/discovirt\/index.php\/s\/nYXXEiCc8GBytA7\" target=\"_blank\" rel=\"noopener noreferrer\">57 D\u00cdAS<\/a> de Blanca Gardu\u00f1o Santiago (audio)<\/li>\n<li><a href=\"https:\/\/hdvirtual.us.es\/discovirt\/index.php\/s\/ssQPZL6r5JRpPdB\" target=\"_blank\" rel=\"noopener noreferrer\">ABRE ESAS PUERTAS<\/a> de Zahara S\u00e1nchez G\u00f3mez (imagen)<\/li>\n<li><a href=\"https:\/\/hdvirtual.us.es\/discovirt\/index.php\/s\/S5XDfyi4KyBtJdY\" target=\"_blank\" rel=\"noopener noreferrer\">TUVE UNA JAULA<\/a> de Lara Moreno recita por Mar\u00eda Bergas Larios (audio)<\/li>\n<li><a href=\"https:\/\/hdvirtual.us.es\/discovirt\/index.php\/s\/NC3LaWgme8fXTDK\" target=\"_blank\" rel=\"noopener noreferrer\">Relato1 FALOCENTRISMO<\/a> de Sandra Ropero Portillo aportado por Juan Rodr\u00edguez Garc\u00eda (pdf)<\/li>\n<li><a href=\"https:\/\/hdvirtual.us.es\/discovirt\/index.php\/s\/6DGXZPJAyQSTA7j\" target=\"_blank\" rel=\"noopener noreferrer\">Relato 2 F\u00c9MINA<\/a> de Sandra Ropero Portillo aportado por Juan Rodr\u00edguez Garc\u00eda (pdf)<\/li>\n<\/ol>\n<p style=\"text-align: right;\"><a href=\"https:\/\/igualdad.us.es\/?page_id=3166\">\u21b5 Volver<\/a><\/p>\n","protected":false},"excerpt":{"rendered":"<p>.<\/p>\n","protected":false},"author":1,"featured_media":3238,"parent":3166,"menu_order":1,"comment_status":"closed","ping_status":"closed","template":"","meta":{"footnotes":""},"class_list":["post-3190","page","type-page","status-publish","has-post-thumbnail","hentry"],"_links":{"self":[{"href":"https:\/\/igualdad.us.es\/wpblog\/wp-json\/wp\/v2\/pages\/3190","targetHints":{"allow":["GET"]}}],"collection":[{"href":"https:\/\/igualdad.us.es\/wpblog\/wp-json\/wp\/v2\/pages"}],"about":[{"href":"https:\/\/igualdad.us.es\/wpblog\/wp-json\/wp\/v2\/types\/page"}],"author":[{"embeddable":true,"href":"https:\/\/igualdad.us.es\/wpblog\/wp-json\/wp\/v2\/users\/1"}],"replies":[{"embeddable":true,"href":"https:\/\/igualdad.us.es\/wpblog\/wp-json\/wp\/v2\/comments?post=3190"}],"version-history":[{"count":64,"href":"https:\/\/igualdad.us.es\/wpblog\/wp-json\/wp\/v2\/pages\/3190\/revisions"}],"predecessor-version":[{"id":3548,"href":"https:\/\/igualdad.us.es\/wpblog\/wp-json\/wp\/v2\/pages\/3190\/revisions\/3548"}],"up":[{"embeddable":true,"href":"https:\/\/igualdad.us.es\/wpblog\/wp-json\/wp\/v2\/pages\/3166"}],"wp:featuredmedia":[{"embeddable":true,"href":"https:\/\/igualdad.us.es\/wpblog\/wp-json\/wp\/v2\/media\/3238"}],"wp:attachment":[{"href":"https:\/\/igualdad.us.es\/wpblog\/wp-json\/wp\/v2\/media?parent=3190"}],"curies":[{"name":"wp","href":"https:\/\/api.w.org\/{rel}","templated":true}]}}