{"id":2777,"date":"2019-10-28T09:22:34","date_gmt":"2019-10-28T09:22:34","guid":{"rendered":"http:\/\/igualdad.us.es\/?page_id=2777"},"modified":"2026-03-26T21:31:06","modified_gmt":"2026-03-26T20:31:06","slug":"informes","status":"publish","type":"page","link":"https:\/\/igualdad.us.es\/wpblog\/recursos\/informes\/","title":{"rendered":"Informes"},"content":{"rendered":"<p><span style=\"font-size: 14pt;\"><strong><span style=\"color: #993366;\">\u2234 Informes\/Estudios<\/span><\/strong><\/span><\/p>\n<ul style=\"list-style-type: disc;\">\n<li style=\"list-style-type: none;\">\n<ul style=\"list-style-type: disc;\">\n<li><span style=\"font-size: 10pt;\">P\u00e9rez, A., Ramos-Pasquel, D. (2025). <strong><a href=\"https:\/\/territorias.com\/portfolio\/dimensiones-sociales-emocionales-y-espaciales-de-las-vbg-en-el-ambito-universitario-andaluz\/\" target=\"_blank\" rel=\"noopener\"><span style=\"color: #993366;\">Dimensiones sociales, emocionales y espaciales de las violencias de g\u00e9nero en el \u00e1mbito universitario andaluz<\/span><\/a><\/strong>. Territorias.<\/span><\/li>\n<li><span style=\"font-size: 10pt;\">D\u00edez, M., Garc\u00eda-Moya, I., Paniagua, C., Jim\u00e9nez-Iglesias, A., Villegas, F., &amp; Jim\u00e9nez-\u00c1lvarez, A. (2025). <a href=\"https:\/\/doi.org\/10.12795\/easeb2026IG\" target=\"_blank\" rel=\"noopener\"><span style=\"color: #993366;\"><strong><em>El estr\u00e9s acad\u00e9mico en clave de g\u00e9nero<\/em><\/strong><\/span><\/a>. Unidad para la Igualdad. Universidad de Sevilla.<\/span><\/li>\n<li><span style=\"font-size: 10pt;\">Dur\u00e1n, JM., Chaza, MR., Collado ML., Hauire, L., Mart\u00ednez, MD. (2025). <a href=\"https:\/\/digibug.ugr.es\/handle\/10481\/111457\" target=\"_blank\" rel=\"noopener\"><span style=\"color: #993366;\"><strong><em>Estudio Las mujeres en las carreras del sector de la Construcci\u00f3n (Arquitectura T\u00e9cnica\/Edificaci\u00f3n, <span style=\"color: #993366;\">Fundamentos<\/span> de Arquitectura e Ingeniera Civil)<\/em><\/strong><\/span><\/a>. Vicerrectorado de Igualdad, Inclusi\u00f3n y Sostenibilidad. Universidad de Granada.<\/span><\/li>\n<li><span style=\"font-size: 10pt;\">Herv\u00edas, V. (2019) <a style=\"color: #993366;\" href=\"https:\/\/igualdad.us.es\/wpblog\/wp-content\/uploads\/2019\/10\/UCA_Informe_El-futuro-politicas-igualdad-Universidad-Andaluzas.pdf\" target=\"_blank\" rel=\"noopener\"><strong>El Futuro de las Pol\u00edticas de Igualdad en las <span style=\"color: #993366;\">universidades andaluzas:<\/span> un enfoque desde la pol\u00edtica comparada<\/strong><\/a>. Instituto Andaluz de la Mujer. Unidad de Igualdad. Universidad de C\u00e1diz.<\/span><\/li>\n<li><span style=\"font-size: 10pt;\"><strong><span style=\"color: #993366;\"><a style=\"color: #993366;\" href=\"https:\/\/cotec.es\/informes\/mapa-del-empleo-tecnologico\/\" target=\"_blank\" rel=\"noopener\">Informe para la innovaci\u00f3n sobre sectores en los que trabajan las mujeres en tecnolog\u00eda<\/a><\/span><\/strong>. Fundaci\u00f3n Cotec<\/span><\/li>\n<\/ul>\n<\/li>\n<\/ul>\n<p>&nbsp;<\/p>\n<p><a href=\"https:\/\/igualdad.us.es\/wpblog\/recursos\/repositorio-de-las-iniciativas-en-materia-de-igualdad-de-genero\/\">Ir a repositorio de Iniciativas de Igualdad<\/a><\/p>\n","protected":false},"excerpt":{"rendered":"<p>\u2234 Informes\/Estudios P\u00e9rez, A., Ramos-Pasquel, D. (2025). Dimensiones sociales, emocionales y espaciales de las violencias de g\u00e9nero en el \u00e1mbito universitario andaluz. Territorias. D\u00edez, M., Garc\u00eda-Moya, I., Paniagua, C., Jim\u00e9nez-Iglesias, A., Villegas, F., &amp; Jim\u00e9nez-\u00c1lvarez, A. (2025). El estr\u00e9s acad\u00e9mico en clave de g\u00e9nero. Unidad para la Igualdad. Universidad de Sevilla. Dur\u00e1n, JM., Chaza, MR.,&hellip;<\/p>\n","protected":false},"author":1,"featured_media":0,"parent":1024,"menu_order":4,"comment_status":"closed","ping_status":"closed","template":"","meta":{"footnotes":""},"class_list":["post-2777","page","type-page","status-publish","hentry"],"_links":{"self":[{"href":"https:\/\/igualdad.us.es\/wpblog\/wp-json\/wp\/v2\/pages\/2777","targetHints":{"allow":["GET"]}}],"collection":[{"href":"https:\/\/igualdad.us.es\/wpblog\/wp-json\/wp\/v2\/pages"}],"about":[{"href":"https:\/\/igualdad.us.es\/wpblog\/wp-json\/wp\/v2\/types\/page"}],"author":[{"embeddable":true,"href":"https:\/\/igualdad.us.es\/wpblog\/wp-json\/wp\/v2\/users\/1"}],"replies":[{"embeddable":true,"href":"https:\/\/igualdad.us.es\/wpblog\/wp-json\/wp\/v2\/comments?post=2777"}],"version-history":[{"count":13,"href":"https:\/\/igualdad.us.es\/wpblog\/wp-json\/wp\/v2\/pages\/2777\/revisions"}],"predecessor-version":[{"id":9396,"href":"https:\/\/igualdad.us.es\/wpblog\/wp-json\/wp\/v2\/pages\/2777\/revisions\/9396"}],"up":[{"embeddable":true,"href":"https:\/\/igualdad.us.es\/wpblog\/wp-json\/wp\/v2\/pages\/1024"}],"wp:attachment":[{"href":"https:\/\/igualdad.us.es\/wpblog\/wp-json\/wp\/v2\/media?parent=2777"}],"curies":[{"name":"wp","href":"https:\/\/api.w.org\/{rel}","templated":true}]}}