{"id":1471,"date":"2018-07-18T10:55:46","date_gmt":"2018-07-18T10:55:46","guid":{"rendered":"http:\/\/igualdad.us.es\/wpblog\/?page_id=1471"},"modified":"2018-07-20T10:25:13","modified_gmt":"2018-07-20T10:25:13","slug":"normativa","status":"publish","type":"page","link":"https:\/\/igualdad.us.es\/wpblog\/recursos\/normativa\/","title":{"rendered":"Normativa"},"content":{"rendered":"<p>&nbsp;<\/p>\n<h3><span style=\"font-size: 14pt;\"><strong><span style=\"color: #993366;\">\u2234 Internacional<\/span><\/strong><\/span><\/h3>\n<p style=\"padding-left: 30px;\"><span style=\"color: #993366;\">\u21d2<\/span> <a href=\"http:\/\/www.un.org\/es\/universal-declaration-human-rights\/\" target=\"_blank\" rel=\"noopener\">Declaraci\u00f3n Universal de los Derechos Humanos (1948)<\/a><\/p>\n<p style=\"padding-left: 30px;\"><span style=\"color: #993366;\">\u21d2\u00a0<\/span><a href=\"http:\/\/www.un.org\/womenwatch\/daw\/cedaw\/text\/sconvention.htm\" target=\"_blank\" rel=\"noopener\">Convenci\u00f3n sobre la eliminaci\u00f3n de todas las formas de discriminaci\u00f3n contra la mujer &#8211; CEDAW (1979)<\/a><\/p>\n<p style=\"padding-left: 30px;\"><span style=\"color: #993366;\">\u21d2 <\/span><a href=\"http:\/\/www.un.org\/womenwatch\/daw\/beijing\/platform\/\" target=\"_blank\" rel=\"noopener\">Declaraci\u00f3n y Plataforma de Acci\u00f3n de la IV Conferencia Internacional sobre la mujer de Beijing (1995)<\/a><strong><br \/>\n<\/strong><\/p>\n<p style=\"padding-left: 30px;\"><span style=\"color: #993366;\">\u21d2<\/span> <a href=\"http:\/\/www.un.org\/ga\/search\/view_doc.asp?symbol=A\/RES\/48\/104&amp;Lang=S\" target=\"_blank\" rel=\"noopener\">Declaraci\u00f3n sobre la eliminaci\u00f3n de la violencia contra la mujer (1993)<\/a><\/p>\n<p style=\"padding-left: 30px;\"><span style=\"color: #993366;\">\u21d2<\/span> <a href=\"http:\/\/www.unwomen.org\/~\/media\/headquarters\/attachments\/sections\/library\/publications\/2012\/12\/unw_legislation-handbook_sp1%20pdf.p\" target=\"_blank\" rel=\"noopener\">Manuel de la ONU sobre legislaci\u00f3n en materia de violencia contra la mujer (2012)<\/a><\/p>\n<h3><span style=\"color: #993366;\"><strong>\u2234 Uni\u00f3n Europea<\/strong><\/span><\/h3>\n<p style=\"padding-left: 30px;\"><span style=\"color: #993366;\">\u21d2 <\/span><a href=\"https:\/\/eur-lex.europa.eu\/legal-content\/ES\/TXT\/?uri=LEGISSUM:l33501\" target=\"_blank\" rel=\"noopener\">Carta de los Derechos Fundamentales de la UE (2000)<\/a><\/p>\n<p style=\"padding-left: 30px;\"><span style=\"color: #993366;\">\u21d2<\/span> <a href=\"https:\/\/eur-lex.europa.eu\/summary\/chapter\/human_rights\/1301.html?root=1301\" target=\"_blank\" rel=\"noopener\">Portal de legislaci\u00f3n de la Uni\u00f3n Europea sobre Derechos fundamentales<\/a><\/p>\n<p style=\"padding-left: 30px;\"><span style=\"color: #993366;\">\u21d2<\/span> <a href=\"https:\/\/eur-lex.europa.eu\/summary\/chapter\/employment_and_social_policy\/1710.html?root=1710\" target=\"_blank\" rel=\"noopener\">Portal de legislaci\u00f3n de la Uni\u00f3n Europea sobre igualdad entre mujeres y hombres<\/a><\/p>\n<h3><span style=\"color: #993366;\"><strong>\u2234 Estatal<\/strong><\/span><\/h3>\n<p style=\"padding-left: 30px;\"><span style=\"color: #993366;\">\u21d2<\/span> <a href=\"https:\/\/www.boe.es\/buscar\/act.php?id=BOE-A-1978-31229\" target=\"_blank\" rel=\"noopener\">Constituci\u00f3n Espa\u00f1ola (1978)<\/a><\/p>\n<p style=\"padding-left: 30px;\"><span style=\"color: #993366;\">\u21d2<\/span> <a href=\"https:\/\/www.boe.es\/buscar\/act.php?id=BOE-A-2004-21760\" target=\"_blank\" rel=\"noopener\">Ley Org\u00e1nica 1\/2004, de 28 de diciembre, de Medidas de Protecci\u00f3n Integral contra la Violencia de G\u00e9nero (2004)<\/a><\/p>\n<p style=\"padding-left: 30px;\"><span style=\"color: #993366;\">\u21d2<\/span> <a href=\"https:\/\/www.boe.es\/buscar\/act.php?id=BOE-A-2007-6115\" target=\"_blank\" rel=\"noopener\">Ley Org\u00e1nica 3\/2007, de 22 de marzo, para la igualdad efectiva de mujeres y hombres (2007)<\/a><\/p>\n<p style=\"padding-left: 30px;\"><span style=\"color: #993366;\">\u21d2<\/span> <a href=\"https:\/\/www.boe.es\/buscar\/doc.php?id=BOE-A-2003-15411\" target=\"_blank\" rel=\"noopener\">Ley 27\/2003, de 31 de julio, reguladora de la Orden de protecci\u00f3n de las v\u00edctimas de la violencia dom\u00e9stica (2003)<\/a><\/p>\n<h3><span style=\"color: #993366;\"><strong>\u2234 Auton\u00f3mica<\/strong><\/span><\/h3>\n<p style=\"padding-left: 30px;\"><span style=\"color: #993366;\">\u21d2<\/span> <a href=\"http:\/\/www.juntadeandalucia.es\/boja\/2007\/56\/1\" target=\"_blank\" rel=\"noopener\">Estatuto de Autonom\u00eda de Andaluc\u00eda (2007)<\/a><\/p>\n","protected":false},"excerpt":{"rendered":"<p>&nbsp; \u2234 Internacional \u21d2 Declaraci\u00f3n Universal de los Derechos Humanos (1948) \u21d2\u00a0Convenci\u00f3n sobre la eliminaci\u00f3n de todas las formas de discriminaci\u00f3n contra la mujer &#8211; CEDAW (1979) \u21d2 Declaraci\u00f3n y Plataforma de Acci\u00f3n de la IV Conferencia Internacional sobre la mujer de Beijing (1995) \u21d2 Declaraci\u00f3n sobre la eliminaci\u00f3n de la violencia contra la mujer&hellip;<\/p>\n","protected":false},"author":1,"featured_media":0,"parent":1024,"menu_order":0,"comment_status":"closed","ping_status":"closed","template":"","meta":{"footnotes":""},"class_list":["post-1471","page","type-page","status-publish","hentry"],"_links":{"self":[{"href":"https:\/\/igualdad.us.es\/wpblog\/wp-json\/wp\/v2\/pages\/1471","targetHints":{"allow":["GET"]}}],"collection":[{"href":"https:\/\/igualdad.us.es\/wpblog\/wp-json\/wp\/v2\/pages"}],"about":[{"href":"https:\/\/igualdad.us.es\/wpblog\/wp-json\/wp\/v2\/types\/page"}],"author":[{"embeddable":true,"href":"https:\/\/igualdad.us.es\/wpblog\/wp-json\/wp\/v2\/users\/1"}],"replies":[{"embeddable":true,"href":"https:\/\/igualdad.us.es\/wpblog\/wp-json\/wp\/v2\/comments?post=1471"}],"version-history":[{"count":15,"href":"https:\/\/igualdad.us.es\/wpblog\/wp-json\/wp\/v2\/pages\/1471\/revisions"}],"predecessor-version":[{"id":1495,"href":"https:\/\/igualdad.us.es\/wpblog\/wp-json\/wp\/v2\/pages\/1471\/revisions\/1495"}],"up":[{"embeddable":true,"href":"https:\/\/igualdad.us.es\/wpblog\/wp-json\/wp\/v2\/pages\/1024"}],"wp:attachment":[{"href":"https:\/\/igualdad.us.es\/wpblog\/wp-json\/wp\/v2\/media?parent=1471"}],"curies":[{"name":"wp","href":"https:\/\/api.w.org\/{rel}","templated":true}]}}