{"id":1306,"date":"2018-07-10T10:35:21","date_gmt":"2018-07-10T10:35:21","guid":{"rendered":"http:\/\/igualdad.us.es\/wpblog\/?page_id=1306"},"modified":"2018-07-10T10:37:14","modified_gmt":"2018-07-10T10:37:14","slug":"saskia-sassen","status":"publish","type":"page","link":"https:\/\/igualdad.us.es\/wpblog\/mujeres-destacadas\/saskia-sassen\/","title":{"rendered":"Saskia Sassen"},"content":{"rendered":"<p style=\"text-align: justify;\"><span style=\"color: #993366;\">Saskia Sassen (1949)<\/span>.<\/p>\n<p>Durante muchos a\u00f1os fue especialista de planificaci\u00f3n urbana en la Universidad de Columbia (NY), pero actualmente es especialista en asuntos urbanos, adem\u00e1s de profesora de Sociolog\u00eda en la Universidad de Chicago y profesora invitada en la Escuela de Econom\u00eda y Ciencia Pol\u00edtica de Londres.<\/p>\n<p>Es investigadora experta en la globalizaci\u00f3n, adem\u00e1s de sus dimensiones sociales, pol\u00edticas y econ\u00f3micas, la inmigraci\u00f3n, las ciudades globales (incluyendo su relaci\u00f3n con el terrorismo), las nuevas tecnolog\u00edas y los cambios en el Estado liberal como consecuencia de las condiciones transnacionales actuales.<\/p>\n<p>Su obra m\u00e1s importante y que la hizo internacionalmente conocida es \u201cLa Ciudad Global\u201d (1991), reeditada y revisada en 2001. As\u00ed, sus contribuciones al estudio y comprensi\u00f3n de la globalizaci\u00f3n y la sociolog\u00eda urbana la hicieron merecedora del Premio Pr\u00edncipe de Asturias de Ciencias Sociales (2013).<\/p>\n<p><a href=\"https:\/\/igualdad.us.es\/wpblog\/?page_id=910\"><span style=\"color: #993366;\">\u21b5 Volver<\/span><\/a><\/p>\n","protected":false},"excerpt":{"rendered":"<p>Soci\u00f3loga, escritora y Premio Pr\u00edncipe de Asturias de Ciencias Sociales <\/p>\n","protected":false},"author":1,"featured_media":1307,"parent":910,"menu_order":0,"comment_status":"closed","ping_status":"closed","template":"","meta":{"footnotes":""},"class_list":["post-1306","page","type-page","status-publish","has-post-thumbnail","hentry"],"_links":{"self":[{"href":"https:\/\/igualdad.us.es\/wpblog\/wp-json\/wp\/v2\/pages\/1306","targetHints":{"allow":["GET"]}}],"collection":[{"href":"https:\/\/igualdad.us.es\/wpblog\/wp-json\/wp\/v2\/pages"}],"about":[{"href":"https:\/\/igualdad.us.es\/wpblog\/wp-json\/wp\/v2\/types\/page"}],"author":[{"embeddable":true,"href":"https:\/\/igualdad.us.es\/wpblog\/wp-json\/wp\/v2\/users\/1"}],"replies":[{"embeddable":true,"href":"https:\/\/igualdad.us.es\/wpblog\/wp-json\/wp\/v2\/comments?post=1306"}],"version-history":[{"count":2,"href":"https:\/\/igualdad.us.es\/wpblog\/wp-json\/wp\/v2\/pages\/1306\/revisions"}],"predecessor-version":[{"id":1310,"href":"https:\/\/igualdad.us.es\/wpblog\/wp-json\/wp\/v2\/pages\/1306\/revisions\/1310"}],"up":[{"embeddable":true,"href":"https:\/\/igualdad.us.es\/wpblog\/wp-json\/wp\/v2\/pages\/910"}],"wp:featuredmedia":[{"embeddable":true,"href":"https:\/\/igualdad.us.es\/wpblog\/wp-json\/wp\/v2\/media\/1307"}],"wp:attachment":[{"href":"https:\/\/igualdad.us.es\/wpblog\/wp-json\/wp\/v2\/media?parent=1306"}],"curies":[{"name":"wp","href":"https:\/\/api.w.org\/{rel}","templated":true}]}}