{"id":1300,"date":"2018-07-10T10:30:49","date_gmt":"2018-07-10T10:30:49","guid":{"rendered":"http:\/\/igualdad.us.es\/wpblog\/?page_id=1300"},"modified":"2021-06-09T12:36:26","modified_gmt":"2021-06-09T11:36:26","slug":"margaret-chan","status":"publish","type":"page","link":"https:\/\/igualdad.us.es\/wpblog\/mujeres-destacadas\/margaret-chan\/","title":{"rendered":"Margaret Chan"},"content":{"rendered":"<p style=\"text-align: justify;\"><span style=\"color: #993366;\">Margaret Chan (1947)<\/span>.<\/p>\n<p>Licenciada en Medicina por la Universidad de Western Ontario, Canad\u00e1, fue la Directora General de la Organizaci\u00f3n Mundial de la Salud entre 2007 y 2017.<\/p>\n<p>Inici\u00f3 su carrera en el \u00e1mbito de la salud p\u00fablica incorpor\u00e1ndose al Departamento de Salud de Hong Kong (1978) para luego ser nombrada Directora de Salud de la ciudad (1994). Su trabajo se concentr\u00f3 en la prevenci\u00f3n de la propagaci\u00f3n de enfermedades, promover la salud e impulsar nuevas iniciativas para vigilar y mejorar la respuesta a las enfermedades transmisibles. Adem\u00e1s, fortaleci\u00f3 la formaci\u00f3n de los profesionales de la salud p\u00fablica y perfeccion\u00f3 los mecanismos de colaboraci\u00f3n local e internacional.<\/p>\n<p>El 2003 se incorpor\u00f3 a la OMS como Directora del Departamento de Protecci\u00f3n del Medio Humano, mientras que el 2005 fue nombrada Directora de Enfermedades Transmisibles: Vigilancia y Respuesta, as\u00ed como Representante del Director General para la Gripe Pand\u00e9mica. Ese mismo a\u00f1o fue nombrada Subdirectora General de Enfermedades Transmisibles.<\/p>\n<p>Entre 2009 y 2010, combati\u00f3 con eficacia los brotes de gripe aviar y s\u00edndrome de respiratorio severo, que se convirti\u00f3 en este per\u00edodo en la pandemia global de gripe A (H1N1). Asimismo, fue la responsable en decretar la Epidemia de \u00c9bola que se expandi\u00f3 por el mundo desde \u00c1frica (2014) e incentiv\u00f3 a todos los pa\u00edses a combatirlo.<\/p>\n<p>En octubre de 2009 recibi\u00f3 el Premio Pr\u00edncipe de Asturias de Cooperaci\u00f3n Internacional.<\/p>\n<p><a href=\"https:\/\/igualdad.us.es\/wpblog\/?page_id=910\"><span style=\"color: #993366;\">\u21b5 Volver<\/span><\/a><\/p>\n","protected":false},"excerpt":{"rendered":"<p>M\u00e9dica, Directora General de la OMS y Premio Pr\u00edncipe de Asturias de Cooperaci\u00f3n<\/p>\n","protected":false},"author":1,"featured_media":1302,"parent":910,"menu_order":0,"comment_status":"closed","ping_status":"closed","template":"","meta":{"footnotes":""},"class_list":["post-1300","page","type-page","status-publish","has-post-thumbnail","hentry"],"_links":{"self":[{"href":"https:\/\/igualdad.us.es\/wpblog\/wp-json\/wp\/v2\/pages\/1300","targetHints":{"allow":["GET"]}}],"collection":[{"href":"https:\/\/igualdad.us.es\/wpblog\/wp-json\/wp\/v2\/pages"}],"about":[{"href":"https:\/\/igualdad.us.es\/wpblog\/wp-json\/wp\/v2\/types\/page"}],"author":[{"embeddable":true,"href":"https:\/\/igualdad.us.es\/wpblog\/wp-json\/wp\/v2\/users\/1"}],"replies":[{"embeddable":true,"href":"https:\/\/igualdad.us.es\/wpblog\/wp-json\/wp\/v2\/comments?post=1300"}],"version-history":[{"count":3,"href":"https:\/\/igualdad.us.es\/wpblog\/wp-json\/wp\/v2\/pages\/1300\/revisions"}],"predecessor-version":[{"id":4872,"href":"https:\/\/igualdad.us.es\/wpblog\/wp-json\/wp\/v2\/pages\/1300\/revisions\/4872"}],"up":[{"embeddable":true,"href":"https:\/\/igualdad.us.es\/wpblog\/wp-json\/wp\/v2\/pages\/910"}],"wp:featuredmedia":[{"embeddable":true,"href":"https:\/\/igualdad.us.es\/wpblog\/wp-json\/wp\/v2\/media\/1302"}],"wp:attachment":[{"href":"https:\/\/igualdad.us.es\/wpblog\/wp-json\/wp\/v2\/media?parent=1300"}],"curies":[{"name":"wp","href":"https:\/\/api.w.org\/{rel}","templated":true}]}}