{"id":1276,"date":"2018-07-10T10:07:05","date_gmt":"2018-07-10T10:07:05","guid":{"rendered":"http:\/\/igualdad.us.es\/wpblog\/?page_id=1276"},"modified":"2018-07-10T10:15:07","modified_gmt":"2018-07-10T10:15:07","slug":"remedios-zafra-alcaraz-escritora","status":"publish","type":"page","link":"https:\/\/igualdad.us.es\/wpblog\/mujeres-destacadas\/remedios-zafra-alcaraz-escritora\/","title":{"rendered":"Remedios Zafra Alcaraz"},"content":{"rendered":"<p><span class=\"span\" style=\"font-weight: bold; font-style: normal; color: #993366;\">Remedios Zafra Alcaraz (1973)<\/span><\/p>\n<p>Doctora en Bellas Artes por la Universidad de Sevilla, es m\u00e1ster en Creatividad y estudios en Arte, Filosof\u00eda y Antropolog\u00eda Social y Cultural. Desde 2002 es profesora Titular de Educaci\u00f3n Art\u00edstica en la Universidad de Sevilla donde imparte docencia en Arte, Innovaci\u00f3n, G\u00e9nero y Cultura Digital.<\/p>\n<p>Ha colaborado en numerosas revistas y espacios editoriales nacionales e internacionales especializados en arte y cultura contempor\u00e1nea <em>como Aleph, Artszin, Estudios Visuales<\/em> o <em>Papers d&#8217;Art<\/em>. Desde 2003 hasta 2009 ha sido directora de la <em>Revista Mujer y Cultura Visual<\/em> y entre 2003 y 2005 responsable de la secci\u00f3n \u00abArte\u00bb de Red Digital (MEC).<\/p>\n<p>Entre 2005 y 2006 ha formado parte del grupo de trabajo \u00abArte, Ciencia y Tecnolog\u00eda\u00bb de la Fundaci\u00f3n Espa\u00f1ola para la Ciencia y la Tecnolog\u00eda (FECYT).\u200b Asimismo, ha comisariado varios proyectos sobre Arte, G\u00e9nero y Tecnolog\u00eda en Internet, entre ellos: la exposici\u00f3n de net.art \u00abViolencia sin Cuerpos\u00bb dentro del proyecto interdisciplinar C\u00e1rcel de Amor. Relatos culturales sobre la violencia de g\u00e9nero del Museo Nacional Centro de Arte Reina Sof\u00eda (MNCARS) en colaboraci\u00f3n con Centro de Arte Contempor\u00e1neo P\u00e1rraga de Murcia, Centro de Arte Contempor\u00e1neo de Almagro, Centre d\u2019Art de la Panera, CAB de Burgos, Centro Museo Vasco de Arte Contempor\u00e1neo Artium, Filmoteca de Canarias y CaixaForum de Barcelona (2005-2006). En 2003 fue comisaria de la primera exposici\u00f3n de net.art sobre ciberfeminismo en castellano: Habitar a (punto)net (espai &gt; f, Matar\u00f3, Barcelona). Ha dirigido el I Encuentro Internacional \u00abX0y1\u00bb sobre g\u00e9nero y ciberespacio (CAAC, 2009); el curso <em>\u00abSer\/Estar en Internet. Din\u00e1micas del sujeto conectado\u00bb<\/em> (UAM, 2009); y el seminario <em>\u00abnet.art (exergo)\u00bb<\/em> (Mundos Digitales, A Coru\u00f1a, 2004).<\/p>\n<p>En 2017 ha obtenido el 45\u00ba Premio Anagrama de Ensayo a la obra <em>El entusiasmo. Precariedad y trabajo creativo en la era digital <\/em>(Madrid, Editorial Anagrama, 2017).<\/p>\n<p><a href=\"https:\/\/igualdad.us.es\/wpblog\/?page_id=910\"><span style=\"color: #993366;\">\u21b5 Volver<\/span><\/a><\/p>\n","protected":false},"excerpt":{"rendered":"<p>Escritora y doctora en Bellas Artes, especialista en ciberfeminismo<\/p>\n","protected":false},"author":1,"featured_media":1277,"parent":910,"menu_order":0,"comment_status":"closed","ping_status":"closed","template":"","meta":{"footnotes":""},"class_list":["post-1276","page","type-page","status-publish","has-post-thumbnail","hentry"],"_links":{"self":[{"href":"https:\/\/igualdad.us.es\/wpblog\/wp-json\/wp\/v2\/pages\/1276","targetHints":{"allow":["GET"]}}],"collection":[{"href":"https:\/\/igualdad.us.es\/wpblog\/wp-json\/wp\/v2\/pages"}],"about":[{"href":"https:\/\/igualdad.us.es\/wpblog\/wp-json\/wp\/v2\/types\/page"}],"author":[{"embeddable":true,"href":"https:\/\/igualdad.us.es\/wpblog\/wp-json\/wp\/v2\/users\/1"}],"replies":[{"embeddable":true,"href":"https:\/\/igualdad.us.es\/wpblog\/wp-json\/wp\/v2\/comments?post=1276"}],"version-history":[{"count":4,"href":"https:\/\/igualdad.us.es\/wpblog\/wp-json\/wp\/v2\/pages\/1276\/revisions"}],"predecessor-version":[{"id":1289,"href":"https:\/\/igualdad.us.es\/wpblog\/wp-json\/wp\/v2\/pages\/1276\/revisions\/1289"}],"up":[{"embeddable":true,"href":"https:\/\/igualdad.us.es\/wpblog\/wp-json\/wp\/v2\/pages\/910"}],"wp:featuredmedia":[{"embeddable":true,"href":"https:\/\/igualdad.us.es\/wpblog\/wp-json\/wp\/v2\/media\/1277"}],"wp:attachment":[{"href":"https:\/\/igualdad.us.es\/wpblog\/wp-json\/wp\/v2\/media?parent=1276"}],"curies":[{"name":"wp","href":"https:\/\/api.w.org\/{rel}","templated":true}]}}

<p><span class="span" style="font-weight: bold; font-style: normal; color: #993366;">Remedios Zafra Alcaraz (1973)</span></p>
<p>Doctora en Bellas Artes por la Universidad de Sevilla, es máster en Creatividad y estudios en Arte, Filosofía y Antropología Social y Cultural. Desde 2002 es profesora Titular de Educación Artística en la Universidad de Sevilla donde imparte docencia en Arte, Innovación, Género y Cultura Digital.</p>
<p>Ha colaborado en numerosas revistas y espacios editoriales nacionales e internacionales especializados en arte y cultura contemporánea <em>como Aleph, Artszin, Estudios Visuales</em> o <em>Papers d&#8217;Art</em>. Desde 2003 hasta 2009 ha sido directora de la <em>Revista Mujer y Cultura Visual</em> y entre 2003 y 2005 responsable de la sección «Arte» de Red Digital (MEC).</p>
<p>Entre 2005 y 2006 ha formado parte del grupo de trabajo «Arte, Ciencia y Tecnología» de la Fundación Española para la Ciencia y la Tecnología (FECYT).​ Asimismo, ha comisariado varios proyectos sobre Arte, Género y Tecnología en Internet, entre ellos: la exposición de net.art «Violencia sin Cuerpos» dentro del proyecto interdisciplinar Cárcel de Amor. Relatos culturales sobre la violencia de género del Museo Nacional Centro de Arte Reina Sofía (MNCARS) en colaboración con Centro de Arte Contemporáneo Párraga de Murcia, Centro de Arte Contemporáneo de Almagro, Centre d’Art de la Panera, CAB de Burgos, Centro Museo Vasco de Arte Contemporáneo Artium, Filmoteca de Canarias y CaixaForum de Barcelona (2005-2006). En 2003 fue comisaria de la primera exposición de net.art sobre ciberfeminismo en castellano: Habitar a (punto)net (espai &gt; f, Mataró, Barcelona). Ha dirigido el I Encuentro Internacional «X0y1» sobre género y ciberespacio (CAAC, 2009); el curso <em>«Ser/Estar en Internet. Dinámicas del sujeto conectado»</em> (UAM, 2009); y el seminario <em>«net.art (exergo)»</em> (Mundos Digitales, A Coruña, 2004).</p>
<p>En 2017 ha obtenido el 45º Premio Anagrama de Ensayo a la obra <em>El entusiasmo. Precariedad y trabajo creativo en la era digital </em>(Madrid, Editorial Anagrama, 2017).</p>
<p><a href="https://igualdad.us.es/wpblog/?page_id=910"><span style="color: #993366;">↵ Volver</span></a></p>
